{"id":5470,"date":"2026-01-12T16:30:31","date_gmt":"2026-01-12T16:30:31","guid":{"rendered":"https:\/\/baal17.pt\/_www\/?page_id=5470"},"modified":"2026-01-12T16:38:58","modified_gmt":"2026-01-12T16:38:58","slug":"residencias-artisticas-2025","status":"publish","type":"page","link":"https:\/\/baal17.pt\/_www\/residencias-artisticas-2025\/","title":{"rendered":"Resid\u00eancias art\u00edsticas 2025"},"content":{"rendered":"\n<div class=\"wp-block-columns is-layout-flex wp-container-core-columns-is-layout-9d6595d7 wp-block-columns-is-layout-flex\">\n<div class=\"wp-block-column is-layout-flow wp-block-column-is-layout-flow\">\n<figure class=\"wp-block-gallery has-nested-images columns-default is-cropped wp-block-gallery-1 is-layout-flex wp-block-gallery-is-layout-flex\">\n<figure class=\"wp-block-image size-full\"><img loading=\"lazy\" decoding=\"async\" width=\"810\" height=\"540\" data-id=\"5476\" src=\"https:\/\/baal17.pt\/_www\/wp-content\/uploads\/2026\/01\/497542861_1256069369853366_9059725918832690152_n.jpg\" alt=\"\" class=\"wp-image-5476\" srcset=\"https:\/\/baal17.pt\/_www\/wp-content\/uploads\/2026\/01\/497542861_1256069369853366_9059725918832690152_n.jpg 810w, https:\/\/baal17.pt\/_www\/wp-content\/uploads\/2026\/01\/497542861_1256069369853366_9059725918832690152_n-300x200.jpg 300w, https:\/\/baal17.pt\/_www\/wp-content\/uploads\/2026\/01\/497542861_1256069369853366_9059725918832690152_n-768x512.jpg 768w, https:\/\/baal17.pt\/_www\/wp-content\/uploads\/2026\/01\/497542861_1256069369853366_9059725918832690152_n-150x100.jpg 150w\" sizes=\"auto, (max-width: 810px) 100vw, 810px\" \/><\/figure>\n<\/figure>\n<\/div>\n\n\n\n<div class=\"wp-block-column is-layout-flow wp-block-column-is-layout-flow\">\n<figure class=\"wp-block-image size-large\"><img loading=\"lazy\" decoding=\"async\" width=\"1024\" height=\"683\" src=\"https:\/\/baal17.pt\/_www\/wp-content\/uploads\/2026\/01\/Residencia-Coline-Gras_NNN2025_27-04-25@FabriceZiegler-169-1024x683.jpg\" alt=\"\" class=\"wp-image-5475\" srcset=\"https:\/\/baal17.pt\/_www\/wp-content\/uploads\/2026\/01\/Residencia-Coline-Gras_NNN2025_27-04-25@FabriceZiegler-169-1024x683.jpg 1024w, https:\/\/baal17.pt\/_www\/wp-content\/uploads\/2026\/01\/Residencia-Coline-Gras_NNN2025_27-04-25@FabriceZiegler-169-300x200.jpg 300w, https:\/\/baal17.pt\/_www\/wp-content\/uploads\/2026\/01\/Residencia-Coline-Gras_NNN2025_27-04-25@FabriceZiegler-169-768x512.jpg 768w, https:\/\/baal17.pt\/_www\/wp-content\/uploads\/2026\/01\/Residencia-Coline-Gras_NNN2025_27-04-25@FabriceZiegler-169-1536x1024.jpg 1536w, https:\/\/baal17.pt\/_www\/wp-content\/uploads\/2026\/01\/Residencia-Coline-Gras_NNN2025_27-04-25@FabriceZiegler-169-2048x1365.jpg 2048w, https:\/\/baal17.pt\/_www\/wp-content\/uploads\/2026\/01\/Residencia-Coline-Gras_NNN2025_27-04-25@FabriceZiegler-169-150x100.jpg 150w\" sizes=\"auto, (max-width: 1024px) 100vw, 1024px\" \/><\/figure>\n<\/div>\n<\/div>\n\n\n\n<div class=\"wp-block-columns is-layout-flex wp-container-core-columns-is-layout-9d6595d7 wp-block-columns-is-layout-flex\">\n<div class=\"wp-block-column is-layout-flow wp-block-column-is-layout-flow\">\n<h2 class=\"wp-block-heading\">&#8220;Uma coisa de sangue&#8221;, Maratona Associa\u00e7\u00e3o Cultural<\/h2>\n\n\n\n<p>O espet\u00e1culo, de autoria de Belisa Bran\u00e7as, esteve em resid\u00eancia em Serpa, entre 24 de fevereiro e 7 de mar\u00e7o de 2025. Estreou em Gaia, e apresentou-se em Serpa no 10.\u00ba Cenas de Novembro.  <\/p>\n\n\n\n<p>Em \u201cUma coisa de sangue\u201d, num futuro dist\u00f3pico, n\u00e3o muito long\u00ednquo, em que o mundo foi divido em dois &#8211; Esquerda para um lado, Direita para o outro &#8211; tr\u00eas personagens femininas de diferentes gera\u00e7\u00f5es sofrem uma crise existencial, focada entre o desejo de liberdade e as responsabilidades coletivas. <\/p>\n<\/div>\n\n\n\n<div class=\"wp-block-column is-layout-flow wp-block-column-is-layout-flow\">\n<h2 class=\"wp-block-heading\">&#8220;Monstra&#8221;, Coline Gras<\/h2>\n\n\n\n<div class=\"wp-block-columns is-layout-flex wp-container-core-columns-is-layout-9d6595d7 wp-block-columns-is-layout-flex\">\n<div class=\"wp-block-column is-layout-flow wp-block-column-is-layout-flow\">\n<p>COLDEK, de Coline Gras \u00e9 uma cria\u00e7\u00e3o de dan\u00e7a que nasce da estranheza e da amizade profunda que se abriu entre dois seres t\u00e3o diferentes, Coline, humana e Saldek, cavalo. Caminharam juntos durante anos ao encontro deles pr\u00f3prios ouvindo o cora\u00e7\u00e3o do outro e dos outros. Dan\u00e7ar. Saltar. Falar segredos. Desvelar. Respirar. Agora que Saldek voou para as estrelas, a dan\u00e7a quis estar onde o amor vai sendo poeira estelar. Esta pe\u00e7a \u00e9 a complexidade que envolve tudo isso. Quem nunca quis inventar a sua vida?<\/p>\n\n\n\n<p>Apresentou-se na 26.\u00aa NNN &#8211; Noites na Nora. <\/p>\n<\/div>\n<\/div>\n<\/div>\n<\/div>\n\n\n\n<div class=\"wp-block-columns is-layout-flex wp-container-core-columns-is-layout-9d6595d7 wp-block-columns-is-layout-flex\">\n<div class=\"wp-block-column is-layout-flow wp-block-column-is-layout-flow\">\n<figure class=\"wp-block-image size-large\"><img loading=\"lazy\" decoding=\"async\" width=\"1024\" height=\"683\" src=\"https:\/\/baal17.pt\/_www\/wp-content\/uploads\/2026\/01\/497187496_1258216059638697_4802124604348820718_n-1024x683.jpg\" alt=\"\" class=\"wp-image-5479\" srcset=\"https:\/\/baal17.pt\/_www\/wp-content\/uploads\/2026\/01\/497187496_1258216059638697_4802124604348820718_n-1024x683.jpg 1024w, https:\/\/baal17.pt\/_www\/wp-content\/uploads\/2026\/01\/497187496_1258216059638697_4802124604348820718_n-300x200.jpg 300w, https:\/\/baal17.pt\/_www\/wp-content\/uploads\/2026\/01\/497187496_1258216059638697_4802124604348820718_n-768x512.jpg 768w, https:\/\/baal17.pt\/_www\/wp-content\/uploads\/2026\/01\/497187496_1258216059638697_4802124604348820718_n-1536x1024.jpg 1536w, https:\/\/baal17.pt\/_www\/wp-content\/uploads\/2026\/01\/497187496_1258216059638697_4802124604348820718_n-150x100.jpg 150w, https:\/\/baal17.pt\/_www\/wp-content\/uploads\/2026\/01\/497187496_1258216059638697_4802124604348820718_n.jpg 2048w\" sizes=\"auto, (max-width: 1024px) 100vw, 1024px\" \/><\/figure>\n<\/div>\n\n\n\n<div class=\"wp-block-column is-layout-flow wp-block-column-is-layout-flow\">\n<figure class=\"wp-block-image size-large\"><img loading=\"lazy\" decoding=\"async\" width=\"1024\" height=\"683\" src=\"https:\/\/baal17.pt\/_www\/wp-content\/uploads\/2026\/01\/509012493_1287408016719501_3408397254764837577_n-1024x683.jpg\" alt=\"\" class=\"wp-image-5478\" srcset=\"https:\/\/baal17.pt\/_www\/wp-content\/uploads\/2026\/01\/509012493_1287408016719501_3408397254764837577_n-1024x683.jpg 1024w, https:\/\/baal17.pt\/_www\/wp-content\/uploads\/2026\/01\/509012493_1287408016719501_3408397254764837577_n-300x200.jpg 300w, https:\/\/baal17.pt\/_www\/wp-content\/uploads\/2026\/01\/509012493_1287408016719501_3408397254764837577_n-768x512.jpg 768w, https:\/\/baal17.pt\/_www\/wp-content\/uploads\/2026\/01\/509012493_1287408016719501_3408397254764837577_n-1536x1024.jpg 1536w, https:\/\/baal17.pt\/_www\/wp-content\/uploads\/2026\/01\/509012493_1287408016719501_3408397254764837577_n-150x100.jpg 150w, https:\/\/baal17.pt\/_www\/wp-content\/uploads\/2026\/01\/509012493_1287408016719501_3408397254764837577_n.jpg 2048w\" sizes=\"auto, (max-width: 1024px) 100vw, 1024px\" \/><\/figure>\n<\/div>\n<\/div>\n\n\n\n<div class=\"wp-block-columns is-layout-flex wp-container-core-columns-is-layout-9d6595d7 wp-block-columns-is-layout-flex\">\n<div class=\"wp-block-column is-layout-flow wp-block-column-is-layout-flow\">\n<div class=\"wp-block-columns is-layout-flex wp-container-core-columns-is-layout-9d6595d7 wp-block-columns-is-layout-flex\">\n<div class=\"wp-block-column is-layout-flow wp-block-column-is-layout-flow\">\n<h2 class=\"wp-block-heading\">(Des)Teceres, a.m.o.r<\/h2>\n<\/div>\n<\/div>\n<\/div>\n\n\n\n<div class=\"wp-block-column is-layout-flow wp-block-column-is-layout-flow\">\n<h2 class=\"wp-block-heading\">D\u00f3i-me o corpo de jazer nessa esperan\u00e7a, teatr\u00e3o e teatromosca<\/h2>\n<\/div>\n<\/div>\n\n\n\n<div class=\"wp-block-columns is-layout-flex wp-container-core-columns-is-layout-9d6595d7 wp-block-columns-is-layout-flex\">\n<div class=\"wp-block-column is-layout-flow wp-block-column-is-layout-flow\">\n<p>Luz da C\u00e2mara e Isadora Dantas, duas das criadoras do projeto \u201c(Des) Teceres\u201d, produzido pela a.m.o.r \u2013 Associa\u00e7\u00e3o Mulheres Outono Rebelde e acolhido pela Baal17 em resid\u00eancia de cria\u00e7\u00e3o art\u00edstica no \u00e2mbito do projeto CA \u2013 Cultura Viva, dinamizaram oficinas comunit\u00e1rias junto da <a href=\"https:\/\/web.facebook.com\/cercibeja.crl?__cft__[0]=AZZ2msPBeyh_H7iF3JGfNpVICeDyFHYQLC6QV3wN80N57GdXcYmbkq9FDp5N59_dTBFjzgrXk9FinfrWnHYMZKW5lMTjnj9_4aivq_4hn0AgJPGoD6rurDsOemWukPrMSQHhEo_l3MVhXZR5sYA0l8gYuj4nR75o51otX-fq9EWQ0LSx0WlBHjFeqmhmPnsn3Qs&amp;__tn__=-]K-R\">Cercibeja<\/a> e da <a href=\"https:\/\/web.facebook.com\/academiaseniorserpa?__cft__[0]=AZZ2msPBeyh_H7iF3JGfNpVICeDyFHYQLC6QV3wN80N57GdXcYmbkq9FDp5N59_dTBFjzgrXk9FinfrWnHYMZKW5lMTjnj9_4aivq_4hn0AgJPGoD6rurDsOemWukPrMSQHhEo_l3MVhXZR5sYA0l8gYuj4nR75o51otX-fq9EWQ0LSx0WlBHjFeqmhmPnsn3Qs&amp;__tn__=-]K-R\">Academias S\u00e9nior<\/a> de Serpa.<\/p>\n\n\n\n<p>As Oficinas fizeram parte de um processo iniciado em 2024 e que culminou com uma apresenta\u00e7\u00e3o no NNN \u2013 Noites na Nora 2025. <\/p>\n<\/div>\n\n\n\n<div class=\"wp-block-column is-layout-flow wp-block-column-is-layout-flow\">\n<p>\u201cD\u00f3i-me o corpo de jazer nessa esperan\u00e7a\u201d, uma coprodu\u00e7\u00e3o <a href=\"https:\/\/web.facebook.com\/teatromosca?__cft__[0]=AZZfMGe37JSNVYlxxHxSWtGa1NjVPi_22hOVymU9SoLfP2NmR6NMJN9nX9uF-uN7FKL8GSxKdzh87_hEwIUMwn_wHLcDbnj5mM94hv8qdylFJRINxDY2JJCu1FlkEum9vWfBaQMff7r9tO9GF1xSER9q&amp;__tn__=-]K-R\">teatromosca teatro<\/a> e <a href=\"https:\/\/web.facebook.com\/oteatrao?__cft__[0]=AZZfMGe37JSNVYlxxHxSWtGa1NjVPi_22hOVymU9SoLfP2NmR6NMJN9nX9uF-uN7FKL8GSxKdzh87_hEwIUMwn_wHLcDbnj5mM94hv8qdylFJRINxDY2JJCu1FlkEum9vWfBaQMff7r9tO9GF1xSER9q&amp;__tn__=-]K-R\">Teatr\u00e3o<\/a>, esteve em resid\u00eancia de cria\u00e7\u00e3o art\u00edstica em Serpa, entre 16 e 22 de junho. O espet\u00e1culo, com texto de Jorge Palinhos a partir de \u201cAs Troianas\u201d, de Eur\u00edpedes, contou com encena\u00e7\u00e3o de Marco Ant\u00f3nio Rodrigues e estreia no dia 5 de novembro, na Oficina Municipal de Teatro, em Coimbra.<\/p>\n<\/div>\n<\/div>\n","protected":false},"excerpt":{"rendered":"<p>&#8220;Uma coisa de sangue&#8221;, Maratona Associa\u00e7\u00e3o Cultural O espet\u00e1culo, de autoria de Belisa Bran\u00e7as, esteve em resid\u00eancia em Serpa, entre 24 de fevereiro e 7 de mar\u00e7o de 2025. Estreou em Gaia, e apresentou-se em Serpa no 10.\u00ba Cenas de Novembro. Em \u201cUma coisa de sangue\u201d, num futuro dist\u00f3pico, n\u00e3o [&hellip;]<\/p>\n","protected":false},"author":1,"featured_media":0,"parent":0,"menu_order":0,"comment_status":"closed","ping_status":"closed","template":"","meta":{"footnotes":""},"class_list":["post-5470","page","type-page","status-publish","hentry"],"_links":{"self":[{"href":"https:\/\/baal17.pt\/_www\/wp-json\/wp\/v2\/pages\/5470","targetHints":{"allow":["GET"]}}],"collection":[{"href":"https:\/\/baal17.pt\/_www\/wp-json\/wp\/v2\/pages"}],"about":[{"href":"https:\/\/baal17.pt\/_www\/wp-json\/wp\/v2\/types\/page"}],"author":[{"embeddable":true,"href":"https:\/\/baal17.pt\/_www\/wp-json\/wp\/v2\/users\/1"}],"replies":[{"embeddable":true,"href":"https:\/\/baal17.pt\/_www\/wp-json\/wp\/v2\/comments?post=5470"}],"version-history":[{"count":2,"href":"https:\/\/baal17.pt\/_www\/wp-json\/wp\/v2\/pages\/5470\/revisions"}],"predecessor-version":[{"id":5483,"href":"https:\/\/baal17.pt\/_www\/wp-json\/wp\/v2\/pages\/5470\/revisions\/5483"}],"wp:attachment":[{"href":"https:\/\/baal17.pt\/_www\/wp-json\/wp\/v2\/media?parent=5470"}],"curies":[{"name":"wp","href":"https:\/\/api.w.org\/{rel}","templated":true}]}}

Residências artísticas 2025

<div class="wp-block-columns is-layout-flex wp-container-core-columns-is-layout-9d6595d7 wp-block-columns-is-layout-flex">
<div class="wp-block-column is-layout-flow wp-block-column-is-layout-flow">
<figure class="wp-block-gallery has-nested-images columns-default is-cropped wp-block-gallery-1 is-layout-flex wp-block-gallery-is-layout-flex">
<figure class="wp-block-image size-full"><img loading="lazy" decoding="async" width="810" height="540" data-id="5476" src="https://baal17.pt/_www/wp-content/uploads/2026/01/497542861_1256069369853366_9059725918832690152_n.jpg" alt="" class="wp-image-5476" srcset="https://baal17.pt/_www/wp-content/uploads/2026/01/497542861_1256069369853366_9059725918832690152_n.jpg 810w, https://baal17.pt/_www/wp-content/uploads/2026/01/497542861_1256069369853366_9059725918832690152_n-300x200.jpg 300w, https://baal17.pt/_www/wp-content/uploads/2026/01/497542861_1256069369853366_9059725918832690152_n-768x512.jpg 768w, https://baal17.pt/_www/wp-content/uploads/2026/01/497542861_1256069369853366_9059725918832690152_n-150x100.jpg 150w" sizes="auto, (max-width: 810px) 100vw, 810px" /></figure>
</figure>
</div>



<div class="wp-block-column is-layout-flow wp-block-column-is-layout-flow">
<figure class="wp-block-image size-large"><img loading="lazy" decoding="async" width="1024" height="683" src="https://baal17.pt/_www/wp-content/uploads/2026/01/Residencia-Coline-Gras_NNN2025_27-04-25@FabriceZiegler-169-1024x683.jpg" alt="" class="wp-image-5475" srcset="https://baal17.pt/_www/wp-content/uploads/2026/01/Residencia-Coline-Gras_NNN2025_27-04-25@FabriceZiegler-169-1024x683.jpg 1024w, https://baal17.pt/_www/wp-content/uploads/2026/01/Residencia-Coline-Gras_NNN2025_27-04-25@FabriceZiegler-169-300x200.jpg 300w, https://baal17.pt/_www/wp-content/uploads/2026/01/Residencia-Coline-Gras_NNN2025_27-04-25@FabriceZiegler-169-768x512.jpg 768w, https://baal17.pt/_www/wp-content/uploads/2026/01/Residencia-Coline-Gras_NNN2025_27-04-25@FabriceZiegler-169-1536x1024.jpg 1536w, https://baal17.pt/_www/wp-content/uploads/2026/01/Residencia-Coline-Gras_NNN2025_27-04-25@FabriceZiegler-169-2048x1365.jpg 2048w, https://baal17.pt/_www/wp-content/uploads/2026/01/Residencia-Coline-Gras_NNN2025_27-04-25@FabriceZiegler-169-150x100.jpg 150w" sizes="auto, (max-width: 1024px) 100vw, 1024px" /></figure>
</div>
</div>



<div class="wp-block-columns is-layout-flex wp-container-core-columns-is-layout-9d6595d7 wp-block-columns-is-layout-flex">
<div class="wp-block-column is-layout-flow wp-block-column-is-layout-flow">
<h2 class="wp-block-heading">&#8220;Uma coisa de sangue&#8221;, Maratona Associação Cultural</h2>



<p>O espetáculo, de autoria de Belisa Branças, esteve em residência em Serpa, entre 24 de fevereiro e 7 de março de 2025. Estreou em Gaia, e apresentou-se em Serpa no 10.º Cenas de Novembro.  </p>



<p>Em “Uma coisa de sangue”, num futuro distópico, não muito longínquo, em que o mundo foi divido em dois &#8211; Esquerda para um lado, Direita para o outro &#8211; três personagens femininas de diferentes gerações sofrem uma crise existencial, focada entre o desejo de liberdade e as responsabilidades coletivas. </p>
</div>



<div class="wp-block-column is-layout-flow wp-block-column-is-layout-flow">
<h2 class="wp-block-heading">&#8220;Monstra&#8221;, Coline Gras</h2>



<div class="wp-block-columns is-layout-flex wp-container-core-columns-is-layout-9d6595d7 wp-block-columns-is-layout-flex">
<div class="wp-block-column is-layout-flow wp-block-column-is-layout-flow">
<p>COLDEK, de Coline Gras é uma criação de dança que nasce da estranheza e da amizade profunda que se abriu entre dois seres tão diferentes, Coline, humana e Saldek, cavalo. Caminharam juntos durante anos ao encontro deles próprios ouvindo o coração do outro e dos outros. Dançar. Saltar. Falar segredos. Desvelar. Respirar. Agora que Saldek voou para as estrelas, a dança quis estar onde o amor vai sendo poeira estelar. Esta peça é a complexidade que envolve tudo isso. Quem nunca quis inventar a sua vida?</p>



<p>Apresentou-se na 26.ª NNN &#8211; Noites na Nora. </p>
</div>
</div>
</div>
</div>



<div class="wp-block-columns is-layout-flex wp-container-core-columns-is-layout-9d6595d7 wp-block-columns-is-layout-flex">
<div class="wp-block-column is-layout-flow wp-block-column-is-layout-flow">
<figure class="wp-block-image size-large"><img loading="lazy" decoding="async" width="1024" height="683" src="https://baal17.pt/_www/wp-content/uploads/2026/01/497187496_1258216059638697_4802124604348820718_n-1024x683.jpg" alt="" class="wp-image-5479" srcset="https://baal17.pt/_www/wp-content/uploads/2026/01/497187496_1258216059638697_4802124604348820718_n-1024x683.jpg 1024w, https://baal17.pt/_www/wp-content/uploads/2026/01/497187496_1258216059638697_4802124604348820718_n-300x200.jpg 300w, https://baal17.pt/_www/wp-content/uploads/2026/01/497187496_1258216059638697_4802124604348820718_n-768x512.jpg 768w, https://baal17.pt/_www/wp-content/uploads/2026/01/497187496_1258216059638697_4802124604348820718_n-1536x1024.jpg 1536w, https://baal17.pt/_www/wp-content/uploads/2026/01/497187496_1258216059638697_4802124604348820718_n-150x100.jpg 150w, https://baal17.pt/_www/wp-content/uploads/2026/01/497187496_1258216059638697_4802124604348820718_n.jpg 2048w" sizes="auto, (max-width: 1024px) 100vw, 1024px" /></figure>
</div>



<div class="wp-block-column is-layout-flow wp-block-column-is-layout-flow">
<figure class="wp-block-image size-large"><img loading="lazy" decoding="async" width="1024" height="683" src="https://baal17.pt/_www/wp-content/uploads/2026/01/509012493_1287408016719501_3408397254764837577_n-1024x683.jpg" alt="" class="wp-image-5478" srcset="https://baal17.pt/_www/wp-content/uploads/2026/01/509012493_1287408016719501_3408397254764837577_n-1024x683.jpg 1024w, https://baal17.pt/_www/wp-content/uploads/2026/01/509012493_1287408016719501_3408397254764837577_n-300x200.jpg 300w, https://baal17.pt/_www/wp-content/uploads/2026/01/509012493_1287408016719501_3408397254764837577_n-768x512.jpg 768w, https://baal17.pt/_www/wp-content/uploads/2026/01/509012493_1287408016719501_3408397254764837577_n-1536x1024.jpg 1536w, https://baal17.pt/_www/wp-content/uploads/2026/01/509012493_1287408016719501_3408397254764837577_n-150x100.jpg 150w, https://baal17.pt/_www/wp-content/uploads/2026/01/509012493_1287408016719501_3408397254764837577_n.jpg 2048w" sizes="auto, (max-width: 1024px) 100vw, 1024px" /></figure>
</div>
</div>



<div class="wp-block-columns is-layout-flex wp-container-core-columns-is-layout-9d6595d7 wp-block-columns-is-layout-flex">
<div class="wp-block-column is-layout-flow wp-block-column-is-layout-flow">
<div class="wp-block-columns is-layout-flex wp-container-core-columns-is-layout-9d6595d7 wp-block-columns-is-layout-flex">
<div class="wp-block-column is-layout-flow wp-block-column-is-layout-flow">
<h2 class="wp-block-heading">(Des)Teceres, a.m.o.r</h2>
</div>
</div>
</div>



<div class="wp-block-column is-layout-flow wp-block-column-is-layout-flow">
<h2 class="wp-block-heading">Dói-me o corpo de jazer nessa esperança, teatrão e teatromosca</h2>
</div>
</div>



<div class="wp-block-columns is-layout-flex wp-container-core-columns-is-layout-9d6595d7 wp-block-columns-is-layout-flex">
<div class="wp-block-column is-layout-flow wp-block-column-is-layout-flow">
<p>Luz da Câmara e Isadora Dantas, duas das criadoras do projeto “(Des) Teceres”, produzido pela a.m.o.r – Associação Mulheres Outono Rebelde e acolhido pela Baal17 em residência de criação artística no âmbito do projeto CA – Cultura Viva, dinamizaram oficinas comunitárias junto da <a href="https://web.facebook.com/cercibeja.crl?__cft__[0]=AZZ2msPBeyh_H7iF3JGfNpVICeDyFHYQLC6QV3wN80N57GdXcYmbkq9FDp5N59_dTBFjzgrXk9FinfrWnHYMZKW5lMTjnj9_4aivq_4hn0AgJPGoD6rurDsOemWukPrMSQHhEo_l3MVhXZR5sYA0l8gYuj4nR75o51otX-fq9EWQ0LSx0WlBHjFeqmhmPnsn3Qs&amp;__tn__=-]K-R">Cercibeja</a> e da <a href="https://web.facebook.com/academiaseniorserpa?__cft__[0]=AZZ2msPBeyh_H7iF3JGfNpVICeDyFHYQLC6QV3wN80N57GdXcYmbkq9FDp5N59_dTBFjzgrXk9FinfrWnHYMZKW5lMTjnj9_4aivq_4hn0AgJPGoD6rurDsOemWukPrMSQHhEo_l3MVhXZR5sYA0l8gYuj4nR75o51otX-fq9EWQ0LSx0WlBHjFeqmhmPnsn3Qs&amp;__tn__=-]K-R">Academias Sénior</a> de Serpa.</p>



<p>As Oficinas fizeram parte de um processo iniciado em 2024 e que culminou com uma apresentação no NNN – Noites na Nora 2025. </p>
</div>



<div class="wp-block-column is-layout-flow wp-block-column-is-layout-flow">
<p>“Dói-me o corpo de jazer nessa esperança”, uma coprodução <a href="https://web.facebook.com/teatromosca?__cft__[0]=AZZfMGe37JSNVYlxxHxSWtGa1NjVPi_22hOVymU9SoLfP2NmR6NMJN9nX9uF-uN7FKL8GSxKdzh87_hEwIUMwn_wHLcDbnj5mM94hv8qdylFJRINxDY2JJCu1FlkEum9vWfBaQMff7r9tO9GF1xSER9q&amp;__tn__=-]K-R">teatromosca teatro</a> e <a href="https://web.facebook.com/oteatrao?__cft__[0]=AZZfMGe37JSNVYlxxHxSWtGa1NjVPi_22hOVymU9SoLfP2NmR6NMJN9nX9uF-uN7FKL8GSxKdzh87_hEwIUMwn_wHLcDbnj5mM94hv8qdylFJRINxDY2JJCu1FlkEum9vWfBaQMff7r9tO9GF1xSER9q&amp;__tn__=-]K-R">Teatrão</a>, esteve em residência de criação artística em Serpa, entre 16 e 22 de junho. O espetáculo, com texto de Jorge Palinhos a partir de “As Troianas”, de Eurípedes, contou com encenação de Marco António Rodrigues e estreia no dia 5 de novembro, na Oficina Municipal de Teatro, em Coimbra.</p>
</div>
</div>

<p>&#8220;Uma coisa de sangue&#8221;, Maratona Associação Cultural O espetáculo, de autoria de Belisa Branças, esteve em residência em Serpa, entre 24 de fevereiro e 7 de março de 2025. Estreou em Gaia, e apresentou-se em Serpa no 10.º Cenas de Novembro. Em “Uma coisa de sangue”, num futuro distópico, não [&hellip;]</p>
