{"id":5446,"date":"2025-12-10T11:46:51","date_gmt":"2025-12-10T11:46:51","guid":{"rendered":"https:\/\/baal17.pt\/_www\/?page_id=5446"},"modified":"2025-12-16T15:03:00","modified_gmt":"2025-12-16T15:03:00","slug":"o-pedro-e-que-sabe-3","status":"publish","type":"page","link":"https:\/\/baal17.pt\/_www\/o-pedro-e-que-sabe-3\/","title":{"rendered":"O Pedro \u00e9 que sabe!"},"content":{"rendered":"<section class=\"wpb-content-wrapper\">[vc_row][vc_column][vc_column_text]\r\n<h3 style=\"text-align: left;\">&#8220;O Pedro \u00e9 que sabe&#8221;<\/h3>\r\n<h3 style=\"text-align: left;\">Coprodu\u00e7\u00e3o Baal17 e Miguel Magalh\u00e3es no \u00e2mbito do Projeto SALTO 2025<\/h3>\r\n<p style=\"text-align: left;\"><strong>Espet\u00e1culo para a inf\u00e2ncia<\/strong><\/p>\r\n[\/vc_column_text][\/vc_column][\/vc_row][vc_row][vc_column]<div id=\"et-banner-slider-69f292e475e46\" class=\"et-banner-slider slick slick-slider slick-controls-gray slick-dots-disabled\"  data-columns=\"1\" >\r\n\t\t<div class=\"et-banner-69f292e475e7c et-banner content-full  image-type-fluid text-color-dark hover-effect  \"><img loading=\"lazy\" decoding=\"async\" width=\"2560\" height=\"1707\" src=\"https:\/\/baal17.pt\/_www\/wp-content\/uploads\/2025\/12\/O-Pedro-e-que-sabe_25-11-25@FabriceZiegler-104-scaled.jpg\" class=\"et-banner-main-image\" alt=\"\" sizes=\"auto, (max-width: 2560px) 100vw, 2560px\" srcset=\"https:\/\/baal17.pt\/_www\/wp-content\/uploads\/2025\/12\/O-Pedro-e-que-sabe_25-11-25@FabriceZiegler-104-scaled.jpg 2560w, https:\/\/baal17.pt\/_www\/wp-content\/uploads\/2025\/12\/O-Pedro-e-que-sabe_25-11-25@FabriceZiegler-104-300x200.jpg 300w, https:\/\/baal17.pt\/_www\/wp-content\/uploads\/2025\/12\/O-Pedro-e-que-sabe_25-11-25@FabriceZiegler-104-1024x683.jpg 1024w, https:\/\/baal17.pt\/_www\/wp-content\/uploads\/2025\/12\/O-Pedro-e-que-sabe_25-11-25@FabriceZiegler-104-768x512.jpg 768w, https:\/\/baal17.pt\/_www\/wp-content\/uploads\/2025\/12\/O-Pedro-e-que-sabe_25-11-25@FabriceZiegler-104-1536x1024.jpg 1536w, https:\/\/baal17.pt\/_www\/wp-content\/uploads\/2025\/12\/O-Pedro-e-que-sabe_25-11-25@FabriceZiegler-104-2048x1365.jpg 2048w, https:\/\/baal17.pt\/_www\/wp-content\/uploads\/2025\/12\/O-Pedro-e-que-sabe_25-11-25@FabriceZiegler-104-150x100.jpg 150w\" \/>\r\n\t\t<\/div>\r\n\t\t<div class=\"et-banner-69f292e476072 et-banner content-full  image-type-fluid text-color-dark hover-effect  \"><img loading=\"lazy\" decoding=\"async\" width=\"2560\" height=\"1707\" src=\"https:\/\/baal17.pt\/_www\/wp-content\/uploads\/2025\/12\/O-Pedro-e-que-sabe_25-11-25@FabriceZiegler-52-scaled.jpg\" class=\"et-banner-main-image\" alt=\"\" sizes=\"auto, (max-width: 2560px) 100vw, 2560px\" srcset=\"https:\/\/baal17.pt\/_www\/wp-content\/uploads\/2025\/12\/O-Pedro-e-que-sabe_25-11-25@FabriceZiegler-52-scaled.jpg 2560w, https:\/\/baal17.pt\/_www\/wp-content\/uploads\/2025\/12\/O-Pedro-e-que-sabe_25-11-25@FabriceZiegler-52-300x200.jpg 300w, https:\/\/baal17.pt\/_www\/wp-content\/uploads\/2025\/12\/O-Pedro-e-que-sabe_25-11-25@FabriceZiegler-52-1024x683.jpg 1024w, https:\/\/baal17.pt\/_www\/wp-content\/uploads\/2025\/12\/O-Pedro-e-que-sabe_25-11-25@FabriceZiegler-52-768x512.jpg 768w, https:\/\/baal17.pt\/_www\/wp-content\/uploads\/2025\/12\/O-Pedro-e-que-sabe_25-11-25@FabriceZiegler-52-1536x1024.jpg 1536w, https:\/\/baal17.pt\/_www\/wp-content\/uploads\/2025\/12\/O-Pedro-e-que-sabe_25-11-25@FabriceZiegler-52-2048x1365.jpg 2048w, https:\/\/baal17.pt\/_www\/wp-content\/uploads\/2025\/12\/O-Pedro-e-que-sabe_25-11-25@FabriceZiegler-52-150x100.jpg 150w\" \/>\r\n\t\t<\/div>\r\n\t\t<div class=\"et-banner-69f292e476242 et-banner content-full  image-type-fluid text-color-dark hover-effect  \"><img loading=\"lazy\" decoding=\"async\" width=\"2560\" height=\"1707\" src=\"https:\/\/baal17.pt\/_www\/wp-content\/uploads\/2025\/12\/O-Pedro-e-que-sabe_25-11-25@FabriceZiegler-69-scaled.jpg\" class=\"et-banner-main-image\" alt=\"\" sizes=\"auto, (max-width: 2560px) 100vw, 2560px\" srcset=\"https:\/\/baal17.pt\/_www\/wp-content\/uploads\/2025\/12\/O-Pedro-e-que-sabe_25-11-25@FabriceZiegler-69-scaled.jpg 2560w, https:\/\/baal17.pt\/_www\/wp-content\/uploads\/2025\/12\/O-Pedro-e-que-sabe_25-11-25@FabriceZiegler-69-300x200.jpg 300w, https:\/\/baal17.pt\/_www\/wp-content\/uploads\/2025\/12\/O-Pedro-e-que-sabe_25-11-25@FabriceZiegler-69-1024x683.jpg 1024w, https:\/\/baal17.pt\/_www\/wp-content\/uploads\/2025\/12\/O-Pedro-e-que-sabe_25-11-25@FabriceZiegler-69-768x512.jpg 768w, https:\/\/baal17.pt\/_www\/wp-content\/uploads\/2025\/12\/O-Pedro-e-que-sabe_25-11-25@FabriceZiegler-69-1536x1024.jpg 1536w, https:\/\/baal17.pt\/_www\/wp-content\/uploads\/2025\/12\/O-Pedro-e-que-sabe_25-11-25@FabriceZiegler-69-2048x1365.jpg 2048w, https:\/\/baal17.pt\/_www\/wp-content\/uploads\/2025\/12\/O-Pedro-e-que-sabe_25-11-25@FabriceZiegler-69-150x100.jpg 150w\" \/>\r\n\t\t<\/div>\r\n\t\t<div class=\"et-banner-69f292e476400 et-banner content-full  image-type-fluid text-color-dark hover-effect  \"><img loading=\"lazy\" decoding=\"async\" width=\"2560\" height=\"1707\" src=\"https:\/\/baal17.pt\/_www\/wp-content\/uploads\/2025\/12\/O-Pedro-e-que-sabe_25-11-25@FabriceZiegler-79-scaled.jpg\" class=\"et-banner-main-image\" alt=\"\" sizes=\"auto, (max-width: 2560px) 100vw, 2560px\" srcset=\"https:\/\/baal17.pt\/_www\/wp-content\/uploads\/2025\/12\/O-Pedro-e-que-sabe_25-11-25@FabriceZiegler-79-scaled.jpg 2560w, https:\/\/baal17.pt\/_www\/wp-content\/uploads\/2025\/12\/O-Pedro-e-que-sabe_25-11-25@FabriceZiegler-79-300x200.jpg 300w, https:\/\/baal17.pt\/_www\/wp-content\/uploads\/2025\/12\/O-Pedro-e-que-sabe_25-11-25@FabriceZiegler-79-1024x683.jpg 1024w, https:\/\/baal17.pt\/_www\/wp-content\/uploads\/2025\/12\/O-Pedro-e-que-sabe_25-11-25@FabriceZiegler-79-768x512.jpg 768w, https:\/\/baal17.pt\/_www\/wp-content\/uploads\/2025\/12\/O-Pedro-e-que-sabe_25-11-25@FabriceZiegler-79-1536x1024.jpg 1536w, https:\/\/baal17.pt\/_www\/wp-content\/uploads\/2025\/12\/O-Pedro-e-que-sabe_25-11-25@FabriceZiegler-79-2048x1365.jpg 2048w, https:\/\/baal17.pt\/_www\/wp-content\/uploads\/2025\/12\/O-Pedro-e-que-sabe_25-11-25@FabriceZiegler-79-150x100.jpg 150w\" \/>\r\n\t\t<\/div><\/div>[vc_column_text]\u00a0<\/p>\r\n<p><!-- \/wp:post-content -->\r\n\r\n<!-- wp:paragraph -->Na pacata Vila Feliz todos t\u00eam o seu lugar. A Rosa no p\u00e3o, o Chico nas flores, as vizinhas linguarudas t\u00eam lugar guardado no banco da mercearia\u2026 At\u00e9 o Lobo Mau tem o seu lugar l\u00e1 ao longe, sempre ao longe. S\u00f3 o Pedro \u00e9 que ainda n\u00e3o encontrou um lugar para si.<\/p>\r\n<p><!-- \/wp:paragraph -->\r\n\r\n<!-- wp:paragraph -->Mas agora, que um inesperado acontecimento deixou a vila de pernas para o ar, agora talvez seja o momento certo para todos verem o Pedro brilhar. Telem\u00f3vel a gravar, um chap\u00e9u para o estilo\u2026 que comece: \u201cO Pedro \u00e9 que sabe\u201d! Neste espet\u00e1culo, o Pedro \u00e9 uma esp\u00e9cie de pastor dos tempos modernos, que conduz o seu rebanho onde quiser; um jovem contador de hist\u00f3rias divertido e talentoso\u2026 mas irrespons\u00e1vel.<\/p>\r\n<p><!-- \/wp:paragraph -->\r\n\r\n<!-- wp:paragraph -->E o Lobo? Ao certo ningu\u00e9m sabe. Nunca ningu\u00e9m o viu, t\u00e3o pouco falou com ele. Mas todos sabem que \u00e9 mau!<\/p>\r\n<p><!-- \/wp:paragraph -->\r\n\r\n<!-- wp:paragraph -->A encena\u00e7\u00e3o de Miguel Magalh\u00e3es parte da conhecida hist\u00f3ria de \u201cPedro e o Lobo\u201d para questionar temas como a verdade, a mentira, os rumores e o impacto da desinforma\u00e7\u00e3o na forma como vemos o mundo e os outros.<\/p>\r\n<p><!-- \/wp:paragraph -->\r\n\r\n<!-- wp:paragraph -->Encena\u00e7\u00e3o e Dramaturgia: <strong>Miguel Magalh\u00e3es<\/strong> I M\u00fasica Original: <strong>Ana Santos e Celina da Piedade<\/strong><br \/>Cria\u00e7\u00e3o e Interpreta\u00e7\u00e3o: <strong>Carolina Carvalhais, Marisela Terra e Rui Westermann<\/strong> I Cenografia e Fotografia: <strong>Fabrice Ziegler<\/strong> I Marionetas: <strong>Miguel Magalh\u00e3es<\/strong> I Figurinos: <strong>Maria Carolina, Miguel Magalh\u00e3es e Rita Bragan\u00e7a<\/strong> I Desenho de Luz: <strong>Miguel Magalh\u00e3es<\/strong> I Dire\u00e7\u00e3o T\u00e9cnica: <strong>Filipe Seixas<\/strong><\/p>\r\n<p><!-- \/wp:paragraph -->\r\n\r\n<!-- wp:paragraph -->Classifica\u00e7\u00e3o: <strong>M\/6 anos<\/strong> I Dura\u00e7\u00e3o: <strong>45 mn<\/strong><\/p>\r\n<p><!-- \/wp:paragraph -->[\/vc_column_text][vc_column_text]\r\n<h4>Dossi\u00ea <a href=\"https:\/\/baal17.pt\/_www\/wp-content\/uploads\/2025\/12\/Dossier_O-Pedro-e-que-sabe.pdf\">&#8220;O Pedro \u00e9 que sabe&#8221;<\/a><\/h4>\r\n[\/vc_column_text][\/vc_column][\/vc_row][vc_row][vc_column][vc_column_text]\r\n<h4>Video promocional<\/h4>\r\n[\/vc_column_text][vc_video link=&#8221;https:\/\/vimeo.com\/1146604794?fl=ip&amp;fe=ec&#8221; el_width=&#8221;50&#8243;][\/vc_column][\/vc_row][vc_row][vc_column][\/vc_column][\/vc_row]<\/section>","protected":false},"excerpt":{"rendered":"<p>[vc_row][vc_column][vc_column_text] &#8220;O Pedro \u00e9 que sabe&#8221; Coprodu\u00e7\u00e3o Baal17 e Miguel Magalh\u00e3es no \u00e2mbito do Projeto SALTO 2025 Espet\u00e1culo para a inf\u00e2ncia [\/vc_column_text][\/vc_column][\/vc_row][vc_row][vc_column][vc_column_text]\u00a0 Na pacata Vila Feliz todos t\u00eam o seu lugar. A Rosa no p\u00e3o, o Chico nas flores, as vizinhas linguarudas t\u00eam lugar guardado no banco da mercearia\u2026 At\u00e9 [&hellip;]<\/p>\n","protected":false},"author":1,"featured_media":0,"parent":0,"menu_order":0,"comment_status":"closed","ping_status":"closed","template":"","meta":{"footnotes":""},"class_list":["post-5446","page","type-page","status-publish","hentry"],"_links":{"self":[{"href":"https:\/\/baal17.pt\/_www\/wp-json\/wp\/v2\/pages\/5446","targetHints":{"allow":["GET"]}}],"collection":[{"href":"https:\/\/baal17.pt\/_www\/wp-json\/wp\/v2\/pages"}],"about":[{"href":"https:\/\/baal17.pt\/_www\/wp-json\/wp\/v2\/types\/page"}],"author":[{"embeddable":true,"href":"https:\/\/baal17.pt\/_www\/wp-json\/wp\/v2\/users\/1"}],"replies":[{"embeddable":true,"href":"https:\/\/baal17.pt\/_www\/wp-json\/wp\/v2\/comments?post=5446"}],"version-history":[{"count":11,"href":"https:\/\/baal17.pt\/_www\/wp-json\/wp\/v2\/pages\/5446\/revisions"}],"predecessor-version":[{"id":5468,"href":"https:\/\/baal17.pt\/_www\/wp-json\/wp\/v2\/pages\/5446\/revisions\/5468"}],"wp:attachment":[{"href":"https:\/\/baal17.pt\/_www\/wp-json\/wp\/v2\/media?parent=5446"}],"curies":[{"name":"wp","href":"https:\/\/api.w.org\/{rel}","templated":true}]}}

O Pedro é que sabe!

<section class="wpb-content-wrapper">[vc_row][vc_column][vc_column_text]
<h3 style="text-align: left;">&#8220;O Pedro é que sabe&#8221;</h3>
<h3 style="text-align: left;">Coprodução Baal17 e Miguel Magalhães no âmbito do Projeto SALTO 2025</h3>
<p style="text-align: left;"><strong>Espetáculo para a infância</strong></p>
[/vc_column_text][/vc_column][/vc_row][vc_row][vc_column]<div id="et-banner-slider-69f292e475e46" class="et-banner-slider slick slick-slider slick-controls-gray slick-dots-disabled"  data-columns="1" >
		<div class="et-banner-69f292e475e7c et-banner content-full  image-type-fluid text-color-dark hover-effect  "><img loading="lazy" decoding="async" width="2560" height="1707" src="https://baal17.pt/_www/wp-content/uploads/2025/12/O-Pedro-e-que-sabe_25-11-25@FabriceZiegler-104-scaled.jpg" class="et-banner-main-image" alt="" sizes="auto, (max-width: 2560px) 100vw, 2560px" srcset="https://baal17.pt/_www/wp-content/uploads/2025/12/O-Pedro-e-que-sabe_25-11-25@FabriceZiegler-104-scaled.jpg 2560w, https://baal17.pt/_www/wp-content/uploads/2025/12/O-Pedro-e-que-sabe_25-11-25@FabriceZiegler-104-300x200.jpg 300w, https://baal17.pt/_www/wp-content/uploads/2025/12/O-Pedro-e-que-sabe_25-11-25@FabriceZiegler-104-1024x683.jpg 1024w, https://baal17.pt/_www/wp-content/uploads/2025/12/O-Pedro-e-que-sabe_25-11-25@FabriceZiegler-104-768x512.jpg 768w, https://baal17.pt/_www/wp-content/uploads/2025/12/O-Pedro-e-que-sabe_25-11-25@FabriceZiegler-104-1536x1024.jpg 1536w, https://baal17.pt/_www/wp-content/uploads/2025/12/O-Pedro-e-que-sabe_25-11-25@FabriceZiegler-104-2048x1365.jpg 2048w, https://baal17.pt/_www/wp-content/uploads/2025/12/O-Pedro-e-que-sabe_25-11-25@FabriceZiegler-104-150x100.jpg 150w" />
		</div>
		<div class="et-banner-69f292e476072 et-banner content-full  image-type-fluid text-color-dark hover-effect  "><img loading="lazy" decoding="async" width="2560" height="1707" src="https://baal17.pt/_www/wp-content/uploads/2025/12/O-Pedro-e-que-sabe_25-11-25@FabriceZiegler-52-scaled.jpg" class="et-banner-main-image" alt="" sizes="auto, (max-width: 2560px) 100vw, 2560px" srcset="https://baal17.pt/_www/wp-content/uploads/2025/12/O-Pedro-e-que-sabe_25-11-25@FabriceZiegler-52-scaled.jpg 2560w, https://baal17.pt/_www/wp-content/uploads/2025/12/O-Pedro-e-que-sabe_25-11-25@FabriceZiegler-52-300x200.jpg 300w, https://baal17.pt/_www/wp-content/uploads/2025/12/O-Pedro-e-que-sabe_25-11-25@FabriceZiegler-52-1024x683.jpg 1024w, https://baal17.pt/_www/wp-content/uploads/2025/12/O-Pedro-e-que-sabe_25-11-25@FabriceZiegler-52-768x512.jpg 768w, https://baal17.pt/_www/wp-content/uploads/2025/12/O-Pedro-e-que-sabe_25-11-25@FabriceZiegler-52-1536x1024.jpg 1536w, https://baal17.pt/_www/wp-content/uploads/2025/12/O-Pedro-e-que-sabe_25-11-25@FabriceZiegler-52-2048x1365.jpg 2048w, https://baal17.pt/_www/wp-content/uploads/2025/12/O-Pedro-e-que-sabe_25-11-25@FabriceZiegler-52-150x100.jpg 150w" />
		</div>
		<div class="et-banner-69f292e476242 et-banner content-full  image-type-fluid text-color-dark hover-effect  "><img loading="lazy" decoding="async" width="2560" height="1707" src="https://baal17.pt/_www/wp-content/uploads/2025/12/O-Pedro-e-que-sabe_25-11-25@FabriceZiegler-69-scaled.jpg" class="et-banner-main-image" alt="" sizes="auto, (max-width: 2560px) 100vw, 2560px" srcset="https://baal17.pt/_www/wp-content/uploads/2025/12/O-Pedro-e-que-sabe_25-11-25@FabriceZiegler-69-scaled.jpg 2560w, https://baal17.pt/_www/wp-content/uploads/2025/12/O-Pedro-e-que-sabe_25-11-25@FabriceZiegler-69-300x200.jpg 300w, https://baal17.pt/_www/wp-content/uploads/2025/12/O-Pedro-e-que-sabe_25-11-25@FabriceZiegler-69-1024x683.jpg 1024w, https://baal17.pt/_www/wp-content/uploads/2025/12/O-Pedro-e-que-sabe_25-11-25@FabriceZiegler-69-768x512.jpg 768w, https://baal17.pt/_www/wp-content/uploads/2025/12/O-Pedro-e-que-sabe_25-11-25@FabriceZiegler-69-1536x1024.jpg 1536w, https://baal17.pt/_www/wp-content/uploads/2025/12/O-Pedro-e-que-sabe_25-11-25@FabriceZiegler-69-2048x1365.jpg 2048w, https://baal17.pt/_www/wp-content/uploads/2025/12/O-Pedro-e-que-sabe_25-11-25@FabriceZiegler-69-150x100.jpg 150w" />
		</div>
		<div class="et-banner-69f292e476400 et-banner content-full  image-type-fluid text-color-dark hover-effect  "><img loading="lazy" decoding="async" width="2560" height="1707" src="https://baal17.pt/_www/wp-content/uploads/2025/12/O-Pedro-e-que-sabe_25-11-25@FabriceZiegler-79-scaled.jpg" class="et-banner-main-image" alt="" sizes="auto, (max-width: 2560px) 100vw, 2560px" srcset="https://baal17.pt/_www/wp-content/uploads/2025/12/O-Pedro-e-que-sabe_25-11-25@FabriceZiegler-79-scaled.jpg 2560w, https://baal17.pt/_www/wp-content/uploads/2025/12/O-Pedro-e-que-sabe_25-11-25@FabriceZiegler-79-300x200.jpg 300w, https://baal17.pt/_www/wp-content/uploads/2025/12/O-Pedro-e-que-sabe_25-11-25@FabriceZiegler-79-1024x683.jpg 1024w, https://baal17.pt/_www/wp-content/uploads/2025/12/O-Pedro-e-que-sabe_25-11-25@FabriceZiegler-79-768x512.jpg 768w, https://baal17.pt/_www/wp-content/uploads/2025/12/O-Pedro-e-que-sabe_25-11-25@FabriceZiegler-79-1536x1024.jpg 1536w, https://baal17.pt/_www/wp-content/uploads/2025/12/O-Pedro-e-que-sabe_25-11-25@FabriceZiegler-79-2048x1365.jpg 2048w, https://baal17.pt/_www/wp-content/uploads/2025/12/O-Pedro-e-que-sabe_25-11-25@FabriceZiegler-79-150x100.jpg 150w" />
		</div></div>[vc_column_text] </p>
<p><!-- /wp:post-content -->

<!-- wp:paragraph -->Na pacata Vila Feliz todos têm o seu lugar. A Rosa no pão, o Chico nas flores, as vizinhas linguarudas têm lugar guardado no banco da mercearia… Até o Lobo Mau tem o seu lugar lá ao longe, sempre ao longe. Só o Pedro é que ainda não encontrou um lugar para si.</p>
<p><!-- /wp:paragraph -->

<!-- wp:paragraph -->Mas agora, que um inesperado acontecimento deixou a vila de pernas para o ar, agora talvez seja o momento certo para todos verem o Pedro brilhar. Telemóvel a gravar, um chapéu para o estilo… que comece: “O Pedro é que sabe”! Neste espetáculo, o Pedro é uma espécie de pastor dos tempos modernos, que conduz o seu rebanho onde quiser; um jovem contador de histórias divertido e talentoso… mas irresponsável.</p>
<p><!-- /wp:paragraph -->

<!-- wp:paragraph -->E o Lobo? Ao certo ninguém sabe. Nunca ninguém o viu, tão pouco falou com ele. Mas todos sabem que é mau!</p>
<p><!-- /wp:paragraph -->

<!-- wp:paragraph -->A encenação de Miguel Magalhães parte da conhecida história de “Pedro e o Lobo” para questionar temas como a verdade, a mentira, os rumores e o impacto da desinformação na forma como vemos o mundo e os outros.</p>
<p><!-- /wp:paragraph -->

<!-- wp:paragraph -->Encenação e Dramaturgia: <strong>Miguel Magalhães</strong> I Música Original: <strong>Ana Santos e Celina da Piedade</strong><br />Criação e Interpretação: <strong>Carolina Carvalhais, Marisela Terra e Rui Westermann</strong> I Cenografia e Fotografia: <strong>Fabrice Ziegler</strong> I Marionetas: <strong>Miguel Magalhães</strong> I Figurinos: <strong>Maria Carolina, Miguel Magalhães e Rita Bragança</strong> I Desenho de Luz: <strong>Miguel Magalhães</strong> I Direção Técnica: <strong>Filipe Seixas</strong></p>
<p><!-- /wp:paragraph -->

<!-- wp:paragraph -->Classificação: <strong>M/6 anos</strong> I Duração: <strong>45 mn</strong></p>
<p><!-- /wp:paragraph -->[/vc_column_text][vc_column_text]
<h4>Dossiê <a href="https://baal17.pt/_www/wp-content/uploads/2025/12/Dossier_O-Pedro-e-que-sabe.pdf">&#8220;O Pedro é que sabe&#8221;</a></h4>
[/vc_column_text][/vc_column][/vc_row][vc_row][vc_column][vc_column_text]
<h4>Video promocional</h4>
[/vc_column_text][vc_video link=&#8221;https://vimeo.com/1146604794?fl=ip&amp;fe=ec&#8221; el_width=&#8221;50&#8243;][/vc_column][/vc_row][vc_row][vc_column][/vc_column][/vc_row]</section>

<p>[vc_row][vc_column][vc_column_text] &#8220;O Pedro é que sabe&#8221; Coprodução Baal17 e Miguel Magalhães no âmbito do Projeto SALTO 2025 Espetáculo para a infância [/vc_column_text][/vc_column][/vc_row][vc_row][vc_column][vc_column_text]  Na pacata Vila Feliz todos têm o seu lugar. A Rosa no pão, o Chico nas flores, as vizinhas linguarudas têm lugar guardado no banco da mercearia… Até [&hellip;]</p>
