{"id":5437,"date":"2025-11-18T16:37:04","date_gmt":"2025-11-18T16:37:04","guid":{"rendered":"https:\/\/baal17.pt\/_www\/?page_id=5437"},"modified":"2025-11-18T16:37:05","modified_gmt":"2025-11-18T16:37:05","slug":"o-pedro-e-que-sabe-2","status":"publish","type":"page","link":"https:\/\/baal17.pt\/_www\/o-pedro-e-que-sabe-2\/","title":{"rendered":"&#8220;O Pedro \u00e9 que sabe!&#8221;"},"content":{"rendered":"\n<h3 class=\"wp-block-heading\">COPRODU\u00c7\u00c3O BAAL17 E MIGUEL MAGALH\u00c3ES NO \u00c2MBITO DO PROJETO SALTO 2025<\/h3>\n\n\n\n<p>Na pacata Vila Feliz todos t\u00eam o seu lugar.\u00a0A Rosa no p\u00e3o, o Chico nas flores, as vizinhas linguarudas t\u00eam lugar guardado no banco da mercearia&#8230; At\u00e9 o Lobo Mau tem o seu lugar l\u00e1 ao longe, sempre ao longe.S\u00f3 o Pedro \u00e9 que ainda n\u00e3o encontrou um lugar para si.\u00a0Mas agora, que um inesperado acontecimento deixou a vila de pernas para o ar, agora talvez seja o momento certo para todos verem o Pedro brilhar.Telem\u00f3vel a gravar, um chap\u00e9u para o estilo&#8230; que comece: &#8220;O Pedro \u00e9 que sabe&#8221;! Neste espet\u00e1culo, o\u00a0Pedro \u00e9 uma esp\u00e9cie de pastor dos tempos modernos, que conduz o seu rebanho onde quiser; um jovem contador de hist\u00f3rias divertido e talentoso&#8230; mas irrespons\u00e1vel.\u00a0<\/p>\n\n\n\n<p>E o Lobo? Ao certo ningu\u00e9m sabe. Nunca ningu\u00e9m o viu, t\u00e3o pouco falou com ele. Mas todos sabem que \u00e9 mau!<\/p>\n\n\n\n<p>&#8220;O Pedro \u00e9 que sabe!&#8221; \u00e9 uma&nbsp;coprodu\u00e7\u00e3o da BAAL17 com Miguel Magalh\u00e3es, no \u00e2mbito do projeto SALTO, onde propomos&nbsp;uma visita ao tradicional conto do Pedro e o Lobo,&nbsp;contada sob um novo ponto de vista, mais moderno e atual.&nbsp;<\/p>\n\n\n\n<p>Nele,&nbsp;desconstru\u00edmos&nbsp;a l\u00f3gica do &#8220;bom&#8221; e do &#8220;mau&#8221; para abrir espa\u00e7o \u00e0 d\u00favida, \u00e0 escuta, ao di\u00e1logo e \u00e0 brincadeira.<\/p>\n\n\n\n<p>Dirigido a crian\u00e7as entre os 6 e os 10 anos, o espet\u00e1culo estreia a 24 de novembro, no Cineteatro Municipal de serpa, e ser\u00e1 apresentado aos alunos do 1.\u00ba ciclo de Serpa, at\u00e9 dia 27. Antes da apresenta\u00e7\u00e3o ao p\u00fablico, a equipa realizou sess\u00f5es de medi\u00e7\u00e3o juntos dos alunos com o objetivo de unir processos pedag\u00f3gicos e art\u00edsticos e fomentar o pensamento cr\u00edtico e a criatividade das crian\u00e7as, a partir dos temas abordados no espet\u00e1culo \u2014 a mentira, o medo, o preconceito, a verdade e os boatos.<\/p>\n\n\n\n<div class=\"wp-block-columns is-layout-flex wp-container-core-columns-is-layout-9d6595d7 wp-block-columns-is-layout-flex\">\n<div class=\"wp-block-column is-layout-flow wp-block-column-is-layout-flow\">\n<figure class=\"wp-block-image size-large\"><img loading=\"lazy\" decoding=\"async\" width=\"1024\" height=\"683\" src=\"https:\/\/baal17.pt\/_www\/wp-content\/uploads\/2025\/11\/Mediacao-escola-1o-ciclo_Serpa_04-11-25@FabriceZiegler-18-1024x683.jpg\" alt=\"\" class=\"wp-image-5438\" srcset=\"https:\/\/baal17.pt\/_www\/wp-content\/uploads\/2025\/11\/Mediacao-escola-1o-ciclo_Serpa_04-11-25@FabriceZiegler-18-1024x683.jpg 1024w, https:\/\/baal17.pt\/_www\/wp-content\/uploads\/2025\/11\/Mediacao-escola-1o-ciclo_Serpa_04-11-25@FabriceZiegler-18-300x200.jpg 300w, https:\/\/baal17.pt\/_www\/wp-content\/uploads\/2025\/11\/Mediacao-escola-1o-ciclo_Serpa_04-11-25@FabriceZiegler-18-768x512.jpg 768w, https:\/\/baal17.pt\/_www\/wp-content\/uploads\/2025\/11\/Mediacao-escola-1o-ciclo_Serpa_04-11-25@FabriceZiegler-18-1536x1024.jpg 1536w, https:\/\/baal17.pt\/_www\/wp-content\/uploads\/2025\/11\/Mediacao-escola-1o-ciclo_Serpa_04-11-25@FabriceZiegler-18-2048x1365.jpg 2048w, https:\/\/baal17.pt\/_www\/wp-content\/uploads\/2025\/11\/Mediacao-escola-1o-ciclo_Serpa_04-11-25@FabriceZiegler-18-150x100.jpg 150w\" sizes=\"auto, (max-width: 1024px) 100vw, 1024px\" \/><\/figure>\n<\/div>\n\n\n\n<div class=\"wp-block-column is-layout-flow wp-block-column-is-layout-flow\">\n<figure class=\"wp-block-image size-large\"><img loading=\"lazy\" decoding=\"async\" width=\"1024\" height=\"683\" src=\"https:\/\/baal17.pt\/_www\/wp-content\/uploads\/2025\/11\/Mediacao-escola-1o-ciclo_Serpa_04-11-25@FabriceZiegler-8-copy-1024x683.jpg\" alt=\"\" class=\"wp-image-5439\" srcset=\"https:\/\/baal17.pt\/_www\/wp-content\/uploads\/2025\/11\/Mediacao-escola-1o-ciclo_Serpa_04-11-25@FabriceZiegler-8-copy-1024x683.jpg 1024w, https:\/\/baal17.pt\/_www\/wp-content\/uploads\/2025\/11\/Mediacao-escola-1o-ciclo_Serpa_04-11-25@FabriceZiegler-8-copy-300x200.jpg 300w, https:\/\/baal17.pt\/_www\/wp-content\/uploads\/2025\/11\/Mediacao-escola-1o-ciclo_Serpa_04-11-25@FabriceZiegler-8-copy-768x512.jpg 768w, https:\/\/baal17.pt\/_www\/wp-content\/uploads\/2025\/11\/Mediacao-escola-1o-ciclo_Serpa_04-11-25@FabriceZiegler-8-copy-1536x1024.jpg 1536w, https:\/\/baal17.pt\/_www\/wp-content\/uploads\/2025\/11\/Mediacao-escola-1o-ciclo_Serpa_04-11-25@FabriceZiegler-8-copy-2048x1365.jpg 2048w, https:\/\/baal17.pt\/_www\/wp-content\/uploads\/2025\/11\/Mediacao-escola-1o-ciclo_Serpa_04-11-25@FabriceZiegler-8-copy-150x100.jpg 150w\" sizes=\"auto, (max-width: 1024px) 100vw, 1024px\" \/><\/figure>\n<\/div>\n\n\n\n<div class=\"wp-block-column is-layout-flow wp-block-column-is-layout-flow\">\n<figure class=\"wp-block-image size-large\"><img loading=\"lazy\" decoding=\"async\" width=\"1024\" height=\"683\" src=\"https:\/\/baal17.pt\/_www\/wp-content\/uploads\/2025\/11\/Mediacao-escola-1o-ciclo_Serpa_04-11-25@FabriceZiegler-11-1024x683.jpg\" alt=\"\" class=\"wp-image-5440\" srcset=\"https:\/\/baal17.pt\/_www\/wp-content\/uploads\/2025\/11\/Mediacao-escola-1o-ciclo_Serpa_04-11-25@FabriceZiegler-11-1024x683.jpg 1024w, https:\/\/baal17.pt\/_www\/wp-content\/uploads\/2025\/11\/Mediacao-escola-1o-ciclo_Serpa_04-11-25@FabriceZiegler-11-300x200.jpg 300w, https:\/\/baal17.pt\/_www\/wp-content\/uploads\/2025\/11\/Mediacao-escola-1o-ciclo_Serpa_04-11-25@FabriceZiegler-11-768x512.jpg 768w, https:\/\/baal17.pt\/_www\/wp-content\/uploads\/2025\/11\/Mediacao-escola-1o-ciclo_Serpa_04-11-25@FabriceZiegler-11-1536x1024.jpg 1536w, https:\/\/baal17.pt\/_www\/wp-content\/uploads\/2025\/11\/Mediacao-escola-1o-ciclo_Serpa_04-11-25@FabriceZiegler-11-2048x1365.jpg 2048w, https:\/\/baal17.pt\/_www\/wp-content\/uploads\/2025\/11\/Mediacao-escola-1o-ciclo_Serpa_04-11-25@FabriceZiegler-11-150x100.jpg 150w\" sizes=\"auto, (max-width: 1024px) 100vw, 1024px\" \/><\/figure>\n<\/div>\n<\/div>\n\n\n\n<p>Encena\u00e7\u00e3o e Dramaturgia:\u00a0<strong>Miguel Magalh\u00e3es<\/strong> I M\u00fasica Original:\u00a0<strong>Ana Santos e Celina da Piedade<\/strong> I Cria\u00e7\u00e3o e Interpreta\u00e7\u00e3o:\u00a0<strong>Carolina Carvalhais, Marisela Terra e Rui Westermann<\/strong> I Cenografia e Fotografia:\u00a0<strong>Fabrice Ziegler<\/strong> I Marionetas:\u00a0<strong>Miguel Magalh\u00e3es<\/strong> I Figurinos:\u00a0<strong>Maria Carolina, Miguel Magalh\u00e3es e Rita Bragan\u00e7a<\/strong> I Desenho de Luz:\u00a0<strong>Filipe Seixas<\/strong> I Produ\u00e7\u00e3o: Baal17<\/p>\n\n\n\n<p><\/p>\n","protected":false},"excerpt":{"rendered":"<p>COPRODU\u00c7\u00c3O BAAL17 E MIGUEL MAGALH\u00c3ES NO \u00c2MBITO DO PROJETO SALTO 2025 Na pacata Vila Feliz todos t\u00eam o seu lugar.\u00a0A Rosa no p\u00e3o, o Chico nas flores, as vizinhas linguarudas t\u00eam lugar guardado no banco da mercearia&#8230; At\u00e9 o Lobo Mau tem o seu lugar l\u00e1 ao longe, sempre ao [&hellip;]<\/p>\n","protected":false},"author":1,"featured_media":0,"parent":0,"menu_order":0,"comment_status":"closed","ping_status":"closed","template":"","meta":{"footnotes":""},"class_list":["post-5437","page","type-page","status-publish","hentry"],"_links":{"self":[{"href":"https:\/\/baal17.pt\/_www\/wp-json\/wp\/v2\/pages\/5437","targetHints":{"allow":["GET"]}}],"collection":[{"href":"https:\/\/baal17.pt\/_www\/wp-json\/wp\/v2\/pages"}],"about":[{"href":"https:\/\/baal17.pt\/_www\/wp-json\/wp\/v2\/types\/page"}],"author":[{"embeddable":true,"href":"https:\/\/baal17.pt\/_www\/wp-json\/wp\/v2\/users\/1"}],"replies":[{"embeddable":true,"href":"https:\/\/baal17.pt\/_www\/wp-json\/wp\/v2\/comments?post=5437"}],"version-history":[{"count":1,"href":"https:\/\/baal17.pt\/_www\/wp-json\/wp\/v2\/pages\/5437\/revisions"}],"predecessor-version":[{"id":5441,"href":"https:\/\/baal17.pt\/_www\/wp-json\/wp\/v2\/pages\/5437\/revisions\/5441"}],"wp:attachment":[{"href":"https:\/\/baal17.pt\/_www\/wp-json\/wp\/v2\/media?parent=5437"}],"curies":[{"name":"wp","href":"https:\/\/api.w.org\/{rel}","templated":true}]}}

&#8220;O Pedro é que sabe!&#8221;

<h3 class="wp-block-heading">COPRODUÇÃO BAAL17 E MIGUEL MAGALHÃES NO ÂMBITO DO PROJETO SALTO 2025</h3>



<p>Na pacata Vila Feliz todos têm o seu lugar. A Rosa no pão, o Chico nas flores, as vizinhas linguarudas têm lugar guardado no banco da mercearia&#8230; Até o Lobo Mau tem o seu lugar lá ao longe, sempre ao longe.Só o Pedro é que ainda não encontrou um lugar para si. Mas agora, que um inesperado acontecimento deixou a vila de pernas para o ar, agora talvez seja o momento certo para todos verem o Pedro brilhar.Telemóvel a gravar, um chapéu para o estilo&#8230; que comece: &#8220;O Pedro é que sabe&#8221;! Neste espetáculo, o Pedro é uma espécie de pastor dos tempos modernos, que conduz o seu rebanho onde quiser; um jovem contador de histórias divertido e talentoso&#8230; mas irresponsável. </p>



<p>E o Lobo? Ao certo ninguém sabe. Nunca ninguém o viu, tão pouco falou com ele. Mas todos sabem que é mau!</p>



<p>&#8220;O Pedro é que sabe!&#8221; é uma&nbsp;coprodução da BAAL17 com Miguel Magalhães, no âmbito do projeto SALTO, onde propomos&nbsp;uma visita ao tradicional conto do Pedro e o Lobo,&nbsp;contada sob um novo ponto de vista, mais moderno e atual.&nbsp;</p>



<p>Nele,&nbsp;desconstruímos&nbsp;a lógica do &#8220;bom&#8221; e do &#8220;mau&#8221; para abrir espaço à dúvida, à escuta, ao diálogo e à brincadeira.</p>



<p>Dirigido a crianças entre os 6 e os 10 anos, o espetáculo estreia a 24 de novembro, no Cineteatro Municipal de serpa, e será apresentado aos alunos do 1.º ciclo de Serpa, até dia 27. Antes da apresentação ao público, a equipa realizou sessões de medição juntos dos alunos com o objetivo de unir processos pedagógicos e artísticos e fomentar o pensamento crítico e a criatividade das crianças, a partir dos temas abordados no espetáculo — a mentira, o medo, o preconceito, a verdade e os boatos.</p>



<div class="wp-block-columns is-layout-flex wp-container-core-columns-is-layout-9d6595d7 wp-block-columns-is-layout-flex">
<div class="wp-block-column is-layout-flow wp-block-column-is-layout-flow">
<figure class="wp-block-image size-large"><img loading="lazy" decoding="async" width="1024" height="683" src="https://baal17.pt/_www/wp-content/uploads/2025/11/Mediacao-escola-1o-ciclo_Serpa_04-11-25@FabriceZiegler-18-1024x683.jpg" alt="" class="wp-image-5438" srcset="https://baal17.pt/_www/wp-content/uploads/2025/11/Mediacao-escola-1o-ciclo_Serpa_04-11-25@FabriceZiegler-18-1024x683.jpg 1024w, https://baal17.pt/_www/wp-content/uploads/2025/11/Mediacao-escola-1o-ciclo_Serpa_04-11-25@FabriceZiegler-18-300x200.jpg 300w, https://baal17.pt/_www/wp-content/uploads/2025/11/Mediacao-escola-1o-ciclo_Serpa_04-11-25@FabriceZiegler-18-768x512.jpg 768w, https://baal17.pt/_www/wp-content/uploads/2025/11/Mediacao-escola-1o-ciclo_Serpa_04-11-25@FabriceZiegler-18-1536x1024.jpg 1536w, https://baal17.pt/_www/wp-content/uploads/2025/11/Mediacao-escola-1o-ciclo_Serpa_04-11-25@FabriceZiegler-18-2048x1365.jpg 2048w, https://baal17.pt/_www/wp-content/uploads/2025/11/Mediacao-escola-1o-ciclo_Serpa_04-11-25@FabriceZiegler-18-150x100.jpg 150w" sizes="auto, (max-width: 1024px) 100vw, 1024px" /></figure>
</div>



<div class="wp-block-column is-layout-flow wp-block-column-is-layout-flow">
<figure class="wp-block-image size-large"><img loading="lazy" decoding="async" width="1024" height="683" src="https://baal17.pt/_www/wp-content/uploads/2025/11/Mediacao-escola-1o-ciclo_Serpa_04-11-25@FabriceZiegler-8-copy-1024x683.jpg" alt="" class="wp-image-5439" srcset="https://baal17.pt/_www/wp-content/uploads/2025/11/Mediacao-escola-1o-ciclo_Serpa_04-11-25@FabriceZiegler-8-copy-1024x683.jpg 1024w, https://baal17.pt/_www/wp-content/uploads/2025/11/Mediacao-escola-1o-ciclo_Serpa_04-11-25@FabriceZiegler-8-copy-300x200.jpg 300w, https://baal17.pt/_www/wp-content/uploads/2025/11/Mediacao-escola-1o-ciclo_Serpa_04-11-25@FabriceZiegler-8-copy-768x512.jpg 768w, https://baal17.pt/_www/wp-content/uploads/2025/11/Mediacao-escola-1o-ciclo_Serpa_04-11-25@FabriceZiegler-8-copy-1536x1024.jpg 1536w, https://baal17.pt/_www/wp-content/uploads/2025/11/Mediacao-escola-1o-ciclo_Serpa_04-11-25@FabriceZiegler-8-copy-2048x1365.jpg 2048w, https://baal17.pt/_www/wp-content/uploads/2025/11/Mediacao-escola-1o-ciclo_Serpa_04-11-25@FabriceZiegler-8-copy-150x100.jpg 150w" sizes="auto, (max-width: 1024px) 100vw, 1024px" /></figure>
</div>



<div class="wp-block-column is-layout-flow wp-block-column-is-layout-flow">
<figure class="wp-block-image size-large"><img loading="lazy" decoding="async" width="1024" height="683" src="https://baal17.pt/_www/wp-content/uploads/2025/11/Mediacao-escola-1o-ciclo_Serpa_04-11-25@FabriceZiegler-11-1024x683.jpg" alt="" class="wp-image-5440" srcset="https://baal17.pt/_www/wp-content/uploads/2025/11/Mediacao-escola-1o-ciclo_Serpa_04-11-25@FabriceZiegler-11-1024x683.jpg 1024w, https://baal17.pt/_www/wp-content/uploads/2025/11/Mediacao-escola-1o-ciclo_Serpa_04-11-25@FabriceZiegler-11-300x200.jpg 300w, https://baal17.pt/_www/wp-content/uploads/2025/11/Mediacao-escola-1o-ciclo_Serpa_04-11-25@FabriceZiegler-11-768x512.jpg 768w, https://baal17.pt/_www/wp-content/uploads/2025/11/Mediacao-escola-1o-ciclo_Serpa_04-11-25@FabriceZiegler-11-1536x1024.jpg 1536w, https://baal17.pt/_www/wp-content/uploads/2025/11/Mediacao-escola-1o-ciclo_Serpa_04-11-25@FabriceZiegler-11-2048x1365.jpg 2048w, https://baal17.pt/_www/wp-content/uploads/2025/11/Mediacao-escola-1o-ciclo_Serpa_04-11-25@FabriceZiegler-11-150x100.jpg 150w" sizes="auto, (max-width: 1024px) 100vw, 1024px" /></figure>
</div>
</div>



<p>Encenação e Dramaturgia: <strong>Miguel Magalhães</strong> I Música Original: <strong>Ana Santos e Celina da Piedade</strong> I Criação e Interpretação: <strong>Carolina Carvalhais, Marisela Terra e Rui Westermann</strong> I Cenografia e Fotografia: <strong>Fabrice Ziegler</strong> I Marionetas: <strong>Miguel Magalhães</strong> I Figurinos: <strong>Maria Carolina, Miguel Magalhães e Rita Bragança</strong> I Desenho de Luz: <strong>Filipe Seixas</strong> I Produção: Baal17</p>



<p></p>

<p>COPRODUÇÃO BAAL17 E MIGUEL MAGALHÃES NO ÂMBITO DO PROJETO SALTO 2025 Na pacata Vila Feliz todos têm o seu lugar. A Rosa no pão, o Chico nas flores, as vizinhas linguarudas têm lugar guardado no banco da mercearia&#8230; Até o Lobo Mau tem o seu lugar lá ao longe, sempre ao [&hellip;]</p>
