{"id":5221,"date":"2025-06-30T16:09:44","date_gmt":"2025-06-30T16:09:44","guid":{"rendered":"https:\/\/baal17.pt\/_www\/?page_id=5221"},"modified":"2025-06-30T16:09:54","modified_gmt":"2025-06-30T16:09:54","slug":"5221-2","status":"publish","type":"page","link":"https:\/\/baal17.pt\/_www\/5221-2\/","title":{"rendered":"XICO GAIATO"},"content":{"rendered":"<p><img loading=\"lazy\" decoding=\"async\" class=\"alignnone wp-image-5187 size-large\" src=\"https:\/\/baal17.pt\/_www\/wp-content\/uploads\/2025\/06\/10-NNN25_MOLDURAS_SITE_Xico1-1024x1024.jpg\" alt=\"\" width=\"1024\" height=\"1024\" srcset=\"https:\/\/baal17.pt\/_www\/wp-content\/uploads\/2025\/06\/10-NNN25_MOLDURAS_SITE_Xico1-1024x1024.jpg 1024w, https:\/\/baal17.pt\/_www\/wp-content\/uploads\/2025\/06\/10-NNN25_MOLDURAS_SITE_Xico1-300x300.jpg 300w, https:\/\/baal17.pt\/_www\/wp-content\/uploads\/2025\/06\/10-NNN25_MOLDURAS_SITE_Xico1-150x150.jpg 150w, https:\/\/baal17.pt\/_www\/wp-content\/uploads\/2025\/06\/10-NNN25_MOLDURAS_SITE_Xico1-768x768.jpg 768w, https:\/\/baal17.pt\/_www\/wp-content\/uploads\/2025\/06\/10-NNN25_MOLDURAS_SITE_Xico1.jpg 1080w\" sizes=\"auto, (max-width: 1024px) 100vw, 1024px\" \/><\/p>\n<p class=\"p1\"><b>18.07 SEXTA I FRIDAY<\/b><\/p>\n<p class=\"p1\"><b>22H30<\/b> M\u00daSICA I MUSIC<\/p>\n<p class=\"p1\"><b>ESPA\u00c7O NORA<\/b><\/p>\n<h2 class=\"p1\">XICO GAIATO<\/h2>\n<p class=\"p1\">Xico Gaiato \u00e9 a persona que Francisco Barata utiliza para expressar abertamente as suas emo\u00e7\u00f5es e observa\u00e7\u00f5es pessoais da vida. Natural da Beira Interior, a sua m\u00fasica pode ser caracterizada como uma fus\u00e3o entre m\u00fasica tradicional, <i>electronic folk<\/i> e <i>dance music.<\/i> Xico Gaiato vive na \u00e2nsia de tentar abrir olhos e mentes, mesmo que fa\u00e7a isso com performances que as pessoas n\u00e3o est\u00e3o \u00e0 espera de encontrar, e que possam por vezes proporcionar uma sensa\u00e7\u00e3o de choque ou estranheza. H\u00e1 uma luta presente neste projeto, relacionada com a inten\u00e7\u00e3o de demonstrar que a Beira Interior tem uma cultura \u00fanica em Portugal e tamb\u00e9m mostrar que a descentraliza\u00e7\u00e3o \u00e9 importante e fundamental para a evolu\u00e7\u00e3o do panorama musical portugu\u00eas.<\/p>\n<p class=\"p2\">Foi selecionado para o Festival da Can\u00e7\u00e3o 2025 com o tema &#8220;Ai Senhor!&#8221; atrav\u00e9s de submiss\u00e3o livre e com o qual se afirmou no panorama musical portugu\u00eas. Xico Gaiato prepara-se para editar o \u00e1lbum de estreia &#8216;A Cada Passo Que Dou&#8217;, que ser\u00e1 lan\u00e7ado no final do ano, com o apoio da C\u00e2mara Municipal do Fund\u00e3o e da Funda\u00e7\u00e3o GDA.<\/p>\n<p class=\"p2\"><b>Xico Gaiato<\/b>: Voz I <b>Constantino<\/b>: Teclas I <b>Ricardo Oliveira<\/b>: Bateria<\/p>\n<p class=\"p2\">Classifica\u00e7\u00e3o: <b>M\/14 anos<\/b> Dura\u00e7\u00e3o: <b>60 mn <\/b><\/p>\n<p class=\"p4\"><span class=\"s1\">Mais info: <a href=\"https:\/\/www.instagram.com\/xicogaiato\/\"><span class=\"s2\">https:\/\/www.instagram.com\/xicogaiato\/<\/span><\/a><\/span><\/p>\n","protected":false},"excerpt":{"rendered":"<p>18.07 SEXTA I FRIDAY 22H30 M\u00daSICA I MUSIC ESPA\u00c7O NORA XICO GAIATO Xico Gaiato \u00e9 a persona que Francisco Barata utiliza para expressar abertamente as suas emo\u00e7\u00f5es e observa\u00e7\u00f5es pessoais da vida. Natural da Beira Interior, a sua m\u00fasica pode ser caracterizada como uma fus\u00e3o entre m\u00fasica tradicional, electronic folk [&hellip;]<\/p>\n","protected":false},"author":2,"featured_media":0,"parent":0,"menu_order":0,"comment_status":"closed","ping_status":"closed","template":"","meta":{"footnotes":""},"class_list":["post-5221","page","type-page","status-publish","hentry"],"_links":{"self":[{"href":"https:\/\/baal17.pt\/_www\/wp-json\/wp\/v2\/pages\/5221","targetHints":{"allow":["GET"]}}],"collection":[{"href":"https:\/\/baal17.pt\/_www\/wp-json\/wp\/v2\/pages"}],"about":[{"href":"https:\/\/baal17.pt\/_www\/wp-json\/wp\/v2\/types\/page"}],"author":[{"embeddable":true,"href":"https:\/\/baal17.pt\/_www\/wp-json\/wp\/v2\/users\/2"}],"replies":[{"embeddable":true,"href":"https:\/\/baal17.pt\/_www\/wp-json\/wp\/v2\/comments?post=5221"}],"version-history":[{"count":2,"href":"https:\/\/baal17.pt\/_www\/wp-json\/wp\/v2\/pages\/5221\/revisions"}],"predecessor-version":[{"id":5223,"href":"https:\/\/baal17.pt\/_www\/wp-json\/wp\/v2\/pages\/5221\/revisions\/5223"}],"wp:attachment":[{"href":"https:\/\/baal17.pt\/_www\/wp-json\/wp\/v2\/media?parent=5221"}],"curies":[{"name":"wp","href":"https:\/\/api.w.org\/{rel}","templated":true}]}}