{"id":4941,"date":"2024-10-23T15:35:20","date_gmt":"2024-10-23T15:35:20","guid":{"rendered":"https:\/\/baal17.pt\/_www\/?page_id=4941"},"modified":"2025-10-21T14:26:05","modified_gmt":"2025-10-21T14:26:05","slug":"arevoltadossapatos","status":"publish","type":"page","link":"https:\/\/baal17.pt\/_www\/arevoltadossapatos\/","title":{"rendered":"&#8220;A revolta dos sapatos&#8221;"},"content":{"rendered":"\r\n<h2 class=\"wp-block-heading\">FIGO LAMPO<\/h2>\r\n\r\n\r\n\r\n<p><strong>11 NOV. I 14H30<\/strong><\/p>\r\n\r\n\r\n\r\n<p>Artur olha para os seus sapatos, tem 14 anos. Ap\u00f3s ponderar os pr\u00f3s e os contras, planeia a sua viagem. Os sapatos s\u00e3o de 3.\u00aa gera\u00e7\u00e3o, heran\u00e7a do seu av\u00f4 \u2014 era um homem alto. S\u00e3o largos e compridos, pretos sem brilho, usados, mas inteiros. O pai dissera-lhe que eram os melhores sapatos que j\u00e1 conhecera, n\u00e3o os chegou a usar porque os seus p\u00e9s eram pequenos, Artur j\u00e1 alcan\u00e7ara a altura do pai \u2014 v\u00e3o servir-te dentro de poucos meses \u2014 disse ao filho uns dias antes do seu desaparecimento. Artur cal\u00e7a-os, mas n\u00e3o consegue decidir\u2026 e adormece. No segundo ato os sapatos ganham vida e as aventuras come\u00e7am. O Sapato Esquerdo e o Sapato Direito s\u00e3o agora os personagens principais da grande aventura do Artur.<\/p>\r\n\r\n\r\n\r\n<p>A viagem poderia ser vivida por um dos jovens portugueses nos anos cinquenta, que atravessou as fronteiras de Espanha e de Fran\u00e7a a p\u00e9, \u00e0 procura de melhores oportunidades e para fugir \u00e0 fome. Ou de um jovem afeg\u00e3o,<br \/>nos dias de hoje, que atravessou as fronteiras da Turquia, Gr\u00e9cia, It\u00e1lia a p\u00e9 em dire\u00e7\u00e3o a Portugal \u00e0 procura de um pa\u00eds seguro para fugir do medo e da fome.<br \/>No \u00e2mbito dos 50 anos da constitui\u00e7\u00e3o portuguesa, a Figo criou um espet\u00e1culo divertido recorrendo aos temas s\u00e9rios da atualidade, mas tamb\u00e9m aos pensadores das democracias.<\/p>\r\n\r\n\r\n\r\n<p>Dire\u00e7\u00e3o e Dramaturgia: <strong>Ver\u00f3nica Guerreiro<\/strong> I Interpreta\u00e7\u00e3o:<strong> Sara Vicente, Laura Pereira e Mauro Coelho<\/strong> I Participa\u00e7\u00e3o Especial: <strong>Andr\u00e9 Can\u00e1rio e Lu\u00eds Vicente<\/strong> I Cenografia, Adere\u00e7os e Imagem Animada: <strong>Ver\u00f3nica Guerreiro e Paulo Tom\u00e9<\/strong> I Assistente de Produ\u00e7\u00e3o e Som: <strong>Tiago de Sousa<\/strong> I Luz: <strong>Jorge Pereira<\/strong> Fotografia: <strong>Eduardo Pinto<\/strong> I Imagem Gr\u00e1fica: <strong>Ver\u00f3nica Guerreiro<br \/><\/strong>Espet\u00e1culo criado no \u00e2mbito da Bolsa de Apoio ao Teatro 2025 promovida pela C\u00e2mara Municipal de<br \/>Loul\u00e9 &#8211; Cineteatro Louletano<br \/>Apoio: ACTA \u2013 Companhia de Teatro do Algarve, Folha de Medronho \u2013 Artes performativas e AR Quente<br \/>Agradecimentos: Lu\u00eds de A. Miranda<\/p>\r\n\r\n\r\n\r\n<p><strong>Classifica\u00e7\u00e3o et\u00e1ria:<\/strong> M\/8 anos\u00a0 I\u00a0\u00a0 <strong>Dura\u00e7\u00e3o<\/strong>: 50 mn<\/p>\r\n\r\n\r\n\r\n<div class=\"wp-block-columns is-layout-flex wp-container-core-columns-is-layout-9d6595d7 wp-block-columns-is-layout-flex\">\r\n<div class=\"wp-block-column is-layout-flow wp-block-column-is-layout-flow\">\u00a0<\/div>\r\n\r\n\r\n\r\n<div class=\"wp-block-column is-layout-flow wp-block-column-is-layout-flow\">\u00a0<\/div>\r\n\r\n\r\n\r\n<div class=\"wp-block-column is-layout-flow wp-block-column-is-layout-flow\">\u00a0<\/div>\r\n<\/div>\r\n\r\n\r\n\r\n<div class=\"wp-block-columns is-layout-flex wp-container-core-columns-is-layout-9d6595d7 wp-block-columns-is-layout-flex\">\r\n<div class=\"wp-block-column is-layout-flow wp-block-column-is-layout-flow\">\r\n<figure class=\"wp-block-image size-large\"><img loading=\"lazy\" decoding=\"async\" width=\"1024\" height=\"683\" class=\"wp-image-5397\" src=\"https:\/\/baal17.pt\/_www\/wp-content\/uploads\/2025\/10\/Revolta_dos_Sapatos_FigoLampo_6_de_junho2025-45-1-1024x683.jpg\" alt=\"\" srcset=\"https:\/\/baal17.pt\/_www\/wp-content\/uploads\/2025\/10\/Revolta_dos_Sapatos_FigoLampo_6_de_junho2025-45-1-1024x683.jpg 1024w, https:\/\/baal17.pt\/_www\/wp-content\/uploads\/2025\/10\/Revolta_dos_Sapatos_FigoLampo_6_de_junho2025-45-1-300x200.jpg 300w, https:\/\/baal17.pt\/_www\/wp-content\/uploads\/2025\/10\/Revolta_dos_Sapatos_FigoLampo_6_de_junho2025-45-1-768x512.jpg 768w, https:\/\/baal17.pt\/_www\/wp-content\/uploads\/2025\/10\/Revolta_dos_Sapatos_FigoLampo_6_de_junho2025-45-1-150x100.jpg 150w, https:\/\/baal17.pt\/_www\/wp-content\/uploads\/2025\/10\/Revolta_dos_Sapatos_FigoLampo_6_de_junho2025-45-1.jpg 1080w\" sizes=\"auto, (max-width: 1024px) 100vw, 1024px\" \/><\/figure>\r\n<\/div>\r\n\r\n\r\n\r\n<div class=\"wp-block-column is-layout-flow wp-block-column-is-layout-flow\">\r\n<figure class=\"wp-block-image size-large\"><img loading=\"lazy\" decoding=\"async\" width=\"1024\" height=\"683\" class=\"wp-image-5398\" src=\"https:\/\/baal17.pt\/_www\/wp-content\/uploads\/2025\/10\/Revolta_dos_Sapatos_FigoLampo_6_de_junho2025-1-1-1024x683.jpg\" alt=\"\" srcset=\"https:\/\/baal17.pt\/_www\/wp-content\/uploads\/2025\/10\/Revolta_dos_Sapatos_FigoLampo_6_de_junho2025-1-1-1024x683.jpg 1024w, https:\/\/baal17.pt\/_www\/wp-content\/uploads\/2025\/10\/Revolta_dos_Sapatos_FigoLampo_6_de_junho2025-1-1-300x200.jpg 300w, https:\/\/baal17.pt\/_www\/wp-content\/uploads\/2025\/10\/Revolta_dos_Sapatos_FigoLampo_6_de_junho2025-1-1-768x512.jpg 768w, https:\/\/baal17.pt\/_www\/wp-content\/uploads\/2025\/10\/Revolta_dos_Sapatos_FigoLampo_6_de_junho2025-1-1-150x100.jpg 150w, https:\/\/baal17.pt\/_www\/wp-content\/uploads\/2025\/10\/Revolta_dos_Sapatos_FigoLampo_6_de_junho2025-1-1.jpg 1080w\" sizes=\"auto, (max-width: 1024px) 100vw, 1024px\" \/><\/figure>\r\n<\/div>\r\n<\/div>\r\n","protected":false},"excerpt":{"rendered":"<p>FIGO LAMPO 11 NOV. I 14H30 Artur olha para os seus sapatos, tem 14 anos. Ap\u00f3s ponderar os pr\u00f3s e os contras, planeia a sua viagem. Os sapatos s\u00e3o de 3.\u00aa gera\u00e7\u00e3o, heran\u00e7a do seu av\u00f4 \u2014 era um homem alto. S\u00e3o largos e compridos, pretos sem brilho, usados, mas [&hellip;]<\/p>\n","protected":false},"author":2,"featured_media":0,"parent":0,"menu_order":0,"comment_status":"closed","ping_status":"closed","template":"","meta":{"footnotes":""},"class_list":["post-4941","page","type-page","status-publish","hentry"],"_links":{"self":[{"href":"https:\/\/baal17.pt\/_www\/wp-json\/wp\/v2\/pages\/4941","targetHints":{"allow":["GET"]}}],"collection":[{"href":"https:\/\/baal17.pt\/_www\/wp-json\/wp\/v2\/pages"}],"about":[{"href":"https:\/\/baal17.pt\/_www\/wp-json\/wp\/v2\/types\/page"}],"author":[{"embeddable":true,"href":"https:\/\/baal17.pt\/_www\/wp-json\/wp\/v2\/users\/2"}],"replies":[{"embeddable":true,"href":"https:\/\/baal17.pt\/_www\/wp-json\/wp\/v2\/comments?post=4941"}],"version-history":[{"count":4,"href":"https:\/\/baal17.pt\/_www\/wp-json\/wp\/v2\/pages\/4941\/revisions"}],"predecessor-version":[{"id":5434,"href":"https:\/\/baal17.pt\/_www\/wp-json\/wp\/v2\/pages\/4941\/revisions\/5434"}],"wp:attachment":[{"href":"https:\/\/baal17.pt\/_www\/wp-json\/wp\/v2\/media?parent=4941"}],"curies":[{"name":"wp","href":"https:\/\/api.w.org\/{rel}","templated":true}]}}

<h2 class="wp-block-heading">FIGO LAMPO</h2>



<p><strong>11 NOV. I 14H30</strong></p>



<p>Artur olha para os seus sapatos, tem 14 anos. Após ponderar os prós e os contras, planeia a sua viagem. Os sapatos são de 3.ª geração, herança do seu avô — era um homem alto. São largos e compridos, pretos sem brilho, usados, mas inteiros. O pai dissera-lhe que eram os melhores sapatos que já conhecera, não os chegou a usar porque os seus pés eram pequenos, Artur já alcançara a altura do pai — vão servir-te dentro de poucos meses — disse ao filho uns dias antes do seu desaparecimento. Artur calça-os, mas não consegue decidir… e adormece. No segundo ato os sapatos ganham vida e as aventuras começam. O Sapato Esquerdo e o Sapato Direito são agora os personagens principais da grande aventura do Artur.</p>



<p>A viagem poderia ser vivida por um dos jovens portugueses nos anos cinquenta, que atravessou as fronteiras de Espanha e de França a pé, à procura de melhores oportunidades e para fugir à fome. Ou de um jovem afegão,<br />nos dias de hoje, que atravessou as fronteiras da Turquia, Grécia, Itália a pé em direção a Portugal à procura de um país seguro para fugir do medo e da fome.<br />No âmbito dos 50 anos da constituição portuguesa, a Figo criou um espetáculo divertido recorrendo aos temas sérios da atualidade, mas também aos pensadores das democracias.</p>



<p>Direção e Dramaturgia: <strong>Verónica Guerreiro</strong> I Interpretação:<strong> Sara Vicente, Laura Pereira e Mauro Coelho</strong> I Participação Especial: <strong>André Canário e Luís Vicente</strong> I Cenografia, Adereços e Imagem Animada: <strong>Verónica Guerreiro e Paulo Tomé</strong> I Assistente de Produção e Som: <strong>Tiago de Sousa</strong> I Luz: <strong>Jorge Pereira</strong> Fotografia: <strong>Eduardo Pinto</strong> I Imagem Gráfica: <strong>Verónica Guerreiro<br /></strong>Espetáculo criado no âmbito da Bolsa de Apoio ao Teatro 2025 promovida pela Câmara Municipal de<br />Loulé &#8211; Cineteatro Louletano<br />Apoio: ACTA – Companhia de Teatro do Algarve, Folha de Medronho – Artes performativas e AR Quente<br />Agradecimentos: Luís de A. Miranda</p>



<p><strong>Classificação etária:</strong> M/8 anos  I   <strong>Duração</strong>: 50 mn</p>



<div class="wp-block-columns is-layout-flex wp-container-core-columns-is-layout-9d6595d7 wp-block-columns-is-layout-flex">
<div class="wp-block-column is-layout-flow wp-block-column-is-layout-flow"> </div>



<div class="wp-block-column is-layout-flow wp-block-column-is-layout-flow"> </div>



<div class="wp-block-column is-layout-flow wp-block-column-is-layout-flow"> </div>
</div>



<div class="wp-block-columns is-layout-flex wp-container-core-columns-is-layout-9d6595d7 wp-block-columns-is-layout-flex">
<div class="wp-block-column is-layout-flow wp-block-column-is-layout-flow">
<figure class="wp-block-image size-large"><img loading="lazy" decoding="async" width="1024" height="683" class="wp-image-5397" src="https://baal17.pt/_www/wp-content/uploads/2025/10/Revolta_dos_Sapatos_FigoLampo_6_de_junho2025-45-1-1024x683.jpg" alt="" srcset="https://baal17.pt/_www/wp-content/uploads/2025/10/Revolta_dos_Sapatos_FigoLampo_6_de_junho2025-45-1-1024x683.jpg 1024w, https://baal17.pt/_www/wp-content/uploads/2025/10/Revolta_dos_Sapatos_FigoLampo_6_de_junho2025-45-1-300x200.jpg 300w, https://baal17.pt/_www/wp-content/uploads/2025/10/Revolta_dos_Sapatos_FigoLampo_6_de_junho2025-45-1-768x512.jpg 768w, https://baal17.pt/_www/wp-content/uploads/2025/10/Revolta_dos_Sapatos_FigoLampo_6_de_junho2025-45-1-150x100.jpg 150w, https://baal17.pt/_www/wp-content/uploads/2025/10/Revolta_dos_Sapatos_FigoLampo_6_de_junho2025-45-1.jpg 1080w" sizes="auto, (max-width: 1024px) 100vw, 1024px" /></figure>
</div>



<div class="wp-block-column is-layout-flow wp-block-column-is-layout-flow">
<figure class="wp-block-image size-large"><img loading="lazy" decoding="async" width="1024" height="683" class="wp-image-5398" src="https://baal17.pt/_www/wp-content/uploads/2025/10/Revolta_dos_Sapatos_FigoLampo_6_de_junho2025-1-1-1024x683.jpg" alt="" srcset="https://baal17.pt/_www/wp-content/uploads/2025/10/Revolta_dos_Sapatos_FigoLampo_6_de_junho2025-1-1-1024x683.jpg 1024w, https://baal17.pt/_www/wp-content/uploads/2025/10/Revolta_dos_Sapatos_FigoLampo_6_de_junho2025-1-1-300x200.jpg 300w, https://baal17.pt/_www/wp-content/uploads/2025/10/Revolta_dos_Sapatos_FigoLampo_6_de_junho2025-1-1-768x512.jpg 768w, https://baal17.pt/_www/wp-content/uploads/2025/10/Revolta_dos_Sapatos_FigoLampo_6_de_junho2025-1-1-150x100.jpg 150w, https://baal17.pt/_www/wp-content/uploads/2025/10/Revolta_dos_Sapatos_FigoLampo_6_de_junho2025-1-1.jpg 1080w" sizes="auto, (max-width: 1024px) 100vw, 1024px" /></figure>
</div>
</div>

<p>FIGO LAMPO 11 NOV. I 14H30 Artur olha para os seus sapatos, tem 14 anos. Após ponderar os prós e os contras, planeia a sua viagem. Os sapatos são de 3.ª geração, herança do seu avô — era um homem alto. São largos e compridos, pretos sem brilho, usados, mas [&hellip;]</p>
