{"id":4938,"date":"2024-10-23T15:29:23","date_gmt":"2024-10-23T15:29:23","guid":{"rendered":"https:\/\/baal17.pt\/_www\/?page_id=4938"},"modified":"2025-10-16T15:55:00","modified_gmt":"2025-10-16T15:55:00","slug":"umacoisadesangue","status":"publish","type":"page","link":"https:\/\/baal17.pt\/_www\/umacoisadesangue\/","title":{"rendered":"&#8220;Uma coisa de sangue&#8221;"},"content":{"rendered":"\r\n<h2 class=\"wp-block-heading\">MARATONA ASSOCIA\u00c7\u00c3O CULTURAL<\/h2>\r\n\r\n\r\n\r\n<p><strong>31 Out. I 21H30<\/strong><\/p>\r\n\r\n\r\n\r\n<p>Num futuro dist\u00f3pico, n\u00e3o muito long\u00ednquo, em que o mundo foi dividido em dois &#8211; Esquerda para um lado, Direita para o outro &#8211; tr\u00eas personagens femininas de diferentes gera\u00e7\u00f5es sofrem uma crise existencial. Esta crise leva-as a pensar acerca das suas condutas, bem como das suas no\u00e7\u00f5es de moral e \u00e9tica, e a entrar em conflito interno por n\u00e3o conseguirem exercer a sua liberdade individual face ao dever moral que se agiganta no momento de uma trag\u00e9dia familiar e pol\u00edtica. A trama paradoxal focada entre o desejo de liberdade e as responsabilidades coletivas serve de ponto de partida para questionar as atuais tend\u00eancias sociais e pol\u00edticas de pensamento extremado e separatista.<\/p>\r\n\r\n\r\n\r\n<p>Texto e encena\u00e7\u00e3o: <strong>Belisa Bran\u00e7as<\/strong> I Interpreta\u00e7\u00e3o: <strong>Joana Petiz e Teresa Chaves<\/strong> I Interpreta\u00e7\u00e3o em v\u00eddeo: <strong>Catarina Lacerda<\/strong> I Desenho de luz: <strong>Teresa Antunes<\/strong> I Composi\u00e7\u00e3o musical: <strong>Rafael Maia<\/strong> I Videoarte: <strong>Miguel F<\/strong> I Consultoria art\u00edstica: <strong>Jo\u00e3o Dinis Pinho<\/strong> I Produ\u00e7\u00e3o executiva e apoio \u00e0 dramaturgia: <strong>Mariana Dixe<\/strong> I Design de comunica\u00e7\u00e3o: <strong>Raquel Gra\u00e7a<\/strong> I Produ\u00e7\u00e3o: <strong>Maratona \u2013 Associa\u00e7\u00e3o Cultural<\/strong><br \/>Apoio \u00e0 resid\u00eancia: Sekoia \u2013 Artes Performativas, Inst\u00e1vel \u2013 Centro Coreogr\u00e1fi co, Balleteatro, Teatro da Didasc\u00e1lia, Campus | Paulo Cunha e Silva, Baal17<br \/>Coprodutores: Audit\u00f3rio Municipal de Gaia, Teatro Municipal de Bragan\u00e7a, Teatro Ribeiro Concei\u00e7\u00e3o, Centro Cultural de Lagos, Centro Cultural e de Investiga\u00e7\u00e3o do Funchal, Baal17<br \/>Apoio: Rep\u00fablica Portuguesa \u2013 Cultura \/ Dire\u00e7\u00e3o-Geral das Artes<br \/>AGRADECIMENTOS<br \/>Belisa Rodrigues, F\u00e1bio Ferreira, Marco da Silva Ferreira, Mariana Guedelha, Miguel de Riba, Nat\u00e1lia Pinto, Paulo Marinho, Teatro da Didasc\u00e1lia, e ainda Anabela Gon\u00e7alves, Arminda Beire, Diamantino Beire, Ricardo Mota e Tiago Castro.<\/p>\r\n\r\n\r\n\r\n<p><strong>Classifica\u00e7\u00e3o et\u00e1ria<\/strong>: M\/12 anos I <strong>Dura\u00e7\u00e3o<\/strong>: 90mn<\/p>\r\n\r\n\r\n\r\n<div class=\"wp-block-media-text is-stacked-on-mobile\">\r\n<figure class=\"wp-block-media-text__media\"><video src=\"https:\/\/baal17.pt\/_www\/wp-content\/uploads\/2025\/10\/FHD_Facebook_teaserUCDS.mp4\" controls=\"controls\" width=\"300\" height=\"150\"><\/video><\/figure>\r\n<div class=\"wp-block-media-text__content\">\r\n<p>&nbsp;<\/p>\r\n<\/div>\r\n<\/div>\r\n","protected":false},"excerpt":{"rendered":"<p>MARATONA ASSOCIA\u00c7\u00c3O CULTURAL 31 Out. I 21H30 Num futuro dist\u00f3pico, n\u00e3o muito long\u00ednquo, em que o mundo foi dividido em dois &#8211; Esquerda para um lado, Direita para o outro &#8211; tr\u00eas personagens femininas de diferentes gera\u00e7\u00f5es sofrem uma crise existencial. Esta crise leva-as a pensar acerca das suas condutas, [&hellip;]<\/p>\n","protected":false},"author":2,"featured_media":5381,"parent":0,"menu_order":0,"comment_status":"closed","ping_status":"closed","template":"","meta":{"footnotes":""},"class_list":["post-4938","page","type-page","status-publish","has-post-thumbnail","hentry"],"_links":{"self":[{"href":"https:\/\/baal17.pt\/_www\/wp-json\/wp\/v2\/pages\/4938","targetHints":{"allow":["GET"]}}],"collection":[{"href":"https:\/\/baal17.pt\/_www\/wp-json\/wp\/v2\/pages"}],"about":[{"href":"https:\/\/baal17.pt\/_www\/wp-json\/wp\/v2\/types\/page"}],"author":[{"embeddable":true,"href":"https:\/\/baal17.pt\/_www\/wp-json\/wp\/v2\/users\/2"}],"replies":[{"embeddable":true,"href":"https:\/\/baal17.pt\/_www\/wp-json\/wp\/v2\/comments?post=4938"}],"version-history":[{"count":4,"href":"https:\/\/baal17.pt\/_www\/wp-json\/wp\/v2\/pages\/4938\/revisions"}],"predecessor-version":[{"id":5383,"href":"https:\/\/baal17.pt\/_www\/wp-json\/wp\/v2\/pages\/4938\/revisions\/5383"}],"wp:featuredmedia":[{"embeddable":true,"href":"https:\/\/baal17.pt\/_www\/wp-json\/wp\/v2\/media\/5381"}],"wp:attachment":[{"href":"https:\/\/baal17.pt\/_www\/wp-json\/wp\/v2\/media?parent=4938"}],"curies":[{"name":"wp","href":"https:\/\/api.w.org\/{rel}","templated":true}]}}

<h2 class="wp-block-heading">MARATONA ASSOCIAÇÃO CULTURAL</h2>



<p><strong>31 Out. I 21H30</strong></p>



<p>Num futuro distópico, não muito longínquo, em que o mundo foi dividido em dois &#8211; Esquerda para um lado, Direita para o outro &#8211; três personagens femininas de diferentes gerações sofrem uma crise existencial. Esta crise leva-as a pensar acerca das suas condutas, bem como das suas noções de moral e ética, e a entrar em conflito interno por não conseguirem exercer a sua liberdade individual face ao dever moral que se agiganta no momento de uma tragédia familiar e política. A trama paradoxal focada entre o desejo de liberdade e as responsabilidades coletivas serve de ponto de partida para questionar as atuais tendências sociais e políticas de pensamento extremado e separatista.</p>



<p>Texto e encenação: <strong>Belisa Branças</strong> I Interpretação: <strong>Joana Petiz e Teresa Chaves</strong> I Interpretação em vídeo: <strong>Catarina Lacerda</strong> I Desenho de luz: <strong>Teresa Antunes</strong> I Composição musical: <strong>Rafael Maia</strong> I Videoarte: <strong>Miguel F</strong> I Consultoria artística: <strong>João Dinis Pinho</strong> I Produção executiva e apoio à dramaturgia: <strong>Mariana Dixe</strong> I Design de comunicação: <strong>Raquel Graça</strong> I Produção: <strong>Maratona – Associação Cultural</strong><br />Apoio à residência: Sekoia – Artes Performativas, Instável – Centro Coreográfi co, Balleteatro, Teatro da Didascália, Campus | Paulo Cunha e Silva, Baal17<br />Coprodutores: Auditório Municipal de Gaia, Teatro Municipal de Bragança, Teatro Ribeiro Conceição, Centro Cultural de Lagos, Centro Cultural e de Investigação do Funchal, Baal17<br />Apoio: República Portuguesa – Cultura / Direção-Geral das Artes<br />AGRADECIMENTOS<br />Belisa Rodrigues, Fábio Ferreira, Marco da Silva Ferreira, Mariana Guedelha, Miguel de Riba, Natália Pinto, Paulo Marinho, Teatro da Didascália, e ainda Anabela Gonçalves, Arminda Beire, Diamantino Beire, Ricardo Mota e Tiago Castro.</p>



<p><strong>Classificação etária</strong>: M/12 anos I <strong>Duração</strong>: 90mn</p>



<div class="wp-block-media-text is-stacked-on-mobile">
<figure class="wp-block-media-text__media"><video src="https://baal17.pt/_www/wp-content/uploads/2025/10/FHD_Facebook_teaserUCDS.mp4" controls="controls" width="300" height="150"></video></figure>
<div class="wp-block-media-text__content">
<p>&nbsp;</p>
</div>
</div>

<p>MARATONA ASSOCIAÇÃO CULTURAL 31 Out. I 21H30 Num futuro distópico, não muito longínquo, em que o mundo foi dividido em dois &#8211; Esquerda para um lado, Direita para o outro &#8211; três personagens femininas de diferentes gerações sofrem uma crise existencial. Esta crise leva-as a pensar acerca das suas condutas, [&hellip;]</p>
