{"id":3705,"date":"2023-11-06T15:11:05","date_gmt":"2023-11-06T15:11:05","guid":{"rendered":"http:\/\/baal17.pt\/_www\/?page_id=3705"},"modified":"2024-06-26T14:37:44","modified_gmt":"2024-06-26T14:37:44","slug":"melgueira","status":"publish","type":"page","link":"https:\/\/baal17.pt\/_www\/melgueira\/","title":{"rendered":"RELAX Synth Pop"},"content":{"rendered":"\n<p><strong>05.07&nbsp;<\/strong>I M\u00fasica<\/p>\n\n\n\n<p>23h00 I\u00abEspa\u00e7o Nora<\/p>\n\n\n\n<p><em><strong>Tributo anos 80<\/strong><\/em><\/p>\n\n\n\n<p class=\"has-text-align-left\">Para a primeira noite de &#8220;cultura como uma festa&#8221;, nada melhor que uma viagem de duas horas aos anos 80 na Nora. Est\u00e3o prontos para dan\u00e7ar? Quem nunca se sentiu tocado por ter ouvido uma m\u00fasica, dizendo de imediato: esta m\u00fasica faz-me lembrar &#8220;aquele&#8221; momento&#8230; Os RELAX apresentam-se ao vivo atrav\u00e9s dos grandes \u00eaxitos <em>Synthpop<\/em> dos anos 80, executados de uma maneira \u00fanica e com uma energia contagiante acima da m\u00e9dia. Um ambiente de festa garantido ao som dos A-ha, Alphaville, Bronski Beat, Depeche Mode, Duran Duran, Dead or Alive, Erasure, Eurythmics, Frankie goes to Hollywood, Human League, OMD, Nik Kershaw, INXS, Pet Shop Boys, Talk Talk, Tears For Fears, New Order, Ricky Astley. Prometemos uma grande festa de abertura da 25\u00aa edi\u00e7\u00e3o do Noites Na Nora. <\/p>\n\n\n\n<p>Voz _ <strong>M\u00e1rio Soeiro<\/strong> I Bateria _ <strong>Gon\u00e7alo Silva<\/strong> I Guitarra\/Teclas _ <strong>Miguel Medeiros<\/strong> I Teclados _ <strong>Nicola<\/strong> <strong>Batista<\/strong><\/p>\n\n\n\n<p class=\"has-text-align-right\"><strong>Classifica\u00e7\u00e3o et\u00e1ria_ <\/strong>Todas as idades<strong> I Dura\u00e7\u00e3o _ <\/strong>2h00<\/p>\n\n\n\n<p class=\"has-text-align-right\"><strong>Mais info_<\/strong><a href=\"https:\/\/www.instagram.com\/relaxsynthpop\/\">https:\/\/www.instagram.com\/relaxsynthpop\/<\/a><\/p>\n\n\n\n<p><\/p>\n\n\n\n<figure class=\"wp-block-embed is-type-video is-provider-youtube wp-block-embed-youtube wp-embed-aspect-16-9 wp-has-aspect-ratio\"><div class=\"wp-block-embed__wrapper\">\n<iframe loading=\"lazy\" title=\"Relax - tributo ao Synthpop\" width=\"1140\" height=\"641\" src=\"https:\/\/www.youtube.com\/embed\/-d4ogLgqUoQ?feature=oembed\" frameborder=\"0\" allow=\"accelerometer; autoplay; clipboard-write; encrypted-media; gyroscope; picture-in-picture; web-share\" referrerpolicy=\"strict-origin-when-cross-origin\" allowfullscreen><\/iframe>\n<\/div><\/figure>\n","protected":false},"excerpt":{"rendered":"<p>05.07&nbsp;I M\u00fasica 23h00 I\u00abEspa\u00e7o Nora Tributo anos 80 Para a primeira noite de &#8220;cultura como uma festa&#8221;, nada melhor que uma viagem de duas horas aos anos 80 na Nora. Est\u00e3o prontos para dan\u00e7ar? Quem nunca se sentiu tocado por ter ouvido uma m\u00fasica, dizendo de imediato: esta m\u00fasica faz-me [&hellip;]<\/p>\n","protected":false},"author":1,"featured_media":0,"parent":0,"menu_order":0,"comment_status":"closed","ping_status":"closed","template":"","meta":{"footnotes":""},"class_list":["post-3705","page","type-page","status-publish","hentry"],"_links":{"self":[{"href":"https:\/\/baal17.pt\/_www\/wp-json\/wp\/v2\/pages\/3705","targetHints":{"allow":["GET"]}}],"collection":[{"href":"https:\/\/baal17.pt\/_www\/wp-json\/wp\/v2\/pages"}],"about":[{"href":"https:\/\/baal17.pt\/_www\/wp-json\/wp\/v2\/types\/page"}],"author":[{"embeddable":true,"href":"https:\/\/baal17.pt\/_www\/wp-json\/wp\/v2\/users\/1"}],"replies":[{"embeddable":true,"href":"https:\/\/baal17.pt\/_www\/wp-json\/wp\/v2\/comments?post=3705"}],"version-history":[{"count":10,"href":"https:\/\/baal17.pt\/_www\/wp-json\/wp\/v2\/pages\/3705\/revisions"}],"predecessor-version":[{"id":4909,"href":"https:\/\/baal17.pt\/_www\/wp-json\/wp\/v2\/pages\/3705\/revisions\/4909"}],"wp:attachment":[{"href":"https:\/\/baal17.pt\/_www\/wp-json\/wp\/v2\/media?parent=3705"}],"curies":[{"name":"wp","href":"https:\/\/api.w.org\/{rel}","templated":true}]}}